{"id":6077,"date":"2022-01-11T13:31:25","date_gmt":"2022-01-11T10:31:25","guid":{"rendered":"https:\/\/utdev.site\/nova\/?page_id=6077"},"modified":"2022-01-11T13:42:40","modified_gmt":"2022-01-11T10:42:40","slug":"degerlerimiz","status":"publish","type":"page","link":"https:\/\/novahidrolik.com.tr\/index.php\/degerlerimiz\/","title":{"rendered":"De\u011ferlerimiz"},"content":{"rendered":"\t\t<div data-elementor-type=\"wp-page\" data-elementor-id=\"6077\" class=\"elementor elementor-6077\" data-elementor-post-type=\"page\">\n\t\t\t\t\t\t\t        <section class=\"elementor-section elementor-top-section elementor-element elementor-element-f88eb36 elementor-section-boxed elementor-section-height-default elementor-section-height-default\" data-id=\"f88eb36\" data-element_type=\"section\">\n            \n                        <div class=\"elementor-container elementor-column-gap-default \">\n                    <div class=\"elementor-column elementor-col-100 elementor-top-column elementor-element elementor-element-c12c3f4\" data-id=\"c12c3f4\" data-element_type=\"column\">\n            <div class=\"elementor-widget-wrap elementor-element-populated\">\n                        \t\t<div class=\"elementor-element elementor-element-cd0ec7e elementor-widget elementor-widget-spacer\" data-id=\"cd0ec7e\" data-element_type=\"widget\" data-widget_type=\"spacer.default\">\n\t\t\t\t<div class=\"elementor-widget-container\">\n\t\t\t\t\t<div class=\"elementor-spacer\">\n\t\t\t<div class=\"elementor-spacer-inner\"><\/div>\n\t\t<\/div>\n\t\t\t\t<\/div>\n\t\t\t\t<\/div>\n\t\t            <\/div>\n        <\/div>\n                            <\/div>\n        <\/section>\n                <section class=\"elementor-section elementor-top-section elementor-element elementor-element-cfa3dce elementor-section-boxed elementor-section-height-default elementor-section-height-default elementor-invisible\" data-id=\"cfa3dce\" data-element_type=\"section\" data-settings=\"{&quot;animation&quot;:&quot;fadeInUp&quot;}\">\n            \n                        <div class=\"elementor-container elementor-column-gap-default \">\n                    <div class=\"elementor-column elementor-col-100 elementor-top-column elementor-element elementor-element-bddbe34\" data-id=\"bddbe34\" data-element_type=\"column\">\n            <div class=\"elementor-widget-wrap elementor-element-populated\">\n                        \t\t<div class=\"elementor-element elementor-element-3bf6ba5 elementor-widget elementor-widget-ct_heading\" data-id=\"3bf6ba5\" data-element_type=\"widget\" data-widget_type=\"ct_heading.default\">\n\t\t\t\t<div class=\"elementor-widget-container\">\n\t\t\t<div class=\"ct-heading h-align-  sub- ct-heading-left item-st-line-left1\" data-wow-delay=\"ms\">\r\n\t    <h5 class=\"item--title st-line-left1\">\r\n                <span>\r\n                            <i><\/i>\r\n                        De\u011ferlerimiz                    <\/span>\r\n            <\/h5>\r\n<\/div>\t\t<\/div>\n\t\t\t\t<\/div>\n\t\t            <\/div>\n        <\/div>\n                            <\/div>\n        <\/section>\n                <section class=\"elementor-section elementor-top-section elementor-element elementor-element-8237ac4 elementor-section-stretched elementor-section-boxed elementor-section-height-default elementor-section-height-default elementor-invisible\" data-id=\"8237ac4\" data-element_type=\"section\" data-settings=\"{&quot;stretch_section&quot;:&quot;section-stretched&quot;,&quot;animation&quot;:&quot;fadeInUp&quot;}\">\n            \n                        <div class=\"elementor-container elementor-column-gap-narrow \">\n                    <div class=\"elementor-column elementor-col-100 elementor-top-column elementor-element elementor-element-bc20df9\" data-id=\"bc20df9\" data-element_type=\"column\">\n            <div class=\"elementor-widget-wrap elementor-element-populated\">\n                        \t\t<div class=\"elementor-element elementor-element-17aa5a5 elementor-widget elementor-widget-text-editor\" data-id=\"17aa5a5\" data-element_type=\"widget\" data-widget_type=\"text-editor.default\">\n\t\t\t\t<div class=\"elementor-widget-container\">\n\t\t\t\t\t\t\t<div class=\"text-center\"><p style=\"text-align: left;\">Gelece\u011fi ba\u015far\u0131y\u0131 ve hayat\u0131 payla\u015fman\u0131n g\u00fcc\u00fcne inan\u0131r\u0131z!<\/p><p style=\"text-align: left;\">Bunu yaparken varolu\u015fumuzdan bu yana bize \u0131\u015f\u0131k tutan de\u011ferlerimizle i\u015fimize anlam katar\u0131z.<\/p><\/div><hr \/><p><strong>G\u00fcven<\/strong><\/p><p>\u015eartlar ne olursa olsun kendimize ve kurumumuza g\u00fcven duyulmas\u0131n\u0131 sa\u011flayacak \u015fekilde davran\u0131r\u0131z.<\/p><p>Bizi NOVA H\u0130DROL\u0130K yapan de\u011ferlerimizin temelinde y\u0131llard\u0131r t\u00fcm payda\u015flar\u0131m\u0131zla olu\u015fturdu\u011fumuz \u201cG\u00fcven\u201d var. G\u00fcveni, i\u015fimize kar\u015f\u0131 duydu\u011fumuz a\u015fk ve bizi insan yapan \u201csevgi\u201d ile e\u015fle\u015ftiririz.<\/p><p><strong>Do\u011fruluk<\/strong><\/p><p>\u0130nsanlara de\u011fer veririz, sayg\u0131 g\u00f6sterir ve adil davran\u0131r\u0131z. Kendi g\u00f6r\u00fc\u015flerimize uymasa da di\u011ferlerinin fikir ve g\u00f6r\u00fc\u015flerini tarafs\u0131z bir \u015fekilde ele al\u0131r, en do\u011fru olan\u0131 se\u00e7meye odaklan\u0131r\u0131z.<\/p><p>Hava, g\u00f6zle g\u00f6r\u00fcnmez elle tutulmaz. Fakat t\u00fcm canl\u0131 varl\u0131klar\u0131n ya\u015famlar\u0131n\u0131 s\u00fcrd\u00fcrebilmesi i\u00e7in en gerekli oland\u0131r. Do\u011fruluk, Kibar Grubu\u2019nda t\u00fcm i\u015f davran\u0131\u015flar\u0131m\u0131z\u0131n temelindedir ve hava gibi vazge\u00e7ilmezdir.<\/p><p><strong>\u00c7al\u0131\u015fkanl\u0131k<\/strong><\/p><p>Sorumluluklar\u0131m\u0131z\u0131n bilincindeyiz. Bizi ba\u015far\u0131ya ta\u015f\u0131yacak \u015fekilde, verimli ve \u00f6zverili \u00e7al\u0131\u015f\u0131r\u0131z.<\/p><p>Toprak ya\u015fam\u0131m\u0131z\u0131n temeli, \u00fcretimin be\u015fi\u011fi, gelece\u011fimizin garantisidir. Topra\u011f\u0131 i\u015flemek emek ister, \u00e7aba ister, devaml\u0131l\u0131k ister. Do\u011fru zamanda do\u011fru tohumu verirsen, kar\u015f\u0131l\u0131\u011f\u0131 sonsuz c\u00f6mertlikte olur.<\/p><p>Bizim i\u00e7in \u00e7al\u0131\u015fkanl\u0131k, zaman\u0131 etkin kullanarak verimli sonu\u00e7lar elde etmektir.<\/p><p><strong>Esneklik<\/strong><\/p><p>De\u011fi\u015fime ve yeniliklere kendimizi adapte ederiz. \u00c7evremizdekilerin de adapte olmas\u0131 i\u00e7in motivasyon sa\u011flar\u0131z.<\/p><p>Su, yeri geldi\u011finde kuvvetiyle do\u011faya \u015fekil verir, yeri geldi\u011finde esnekli\u011fiyle do\u011faya uyum sa\u011flar. Biz de suyun esnekli\u011finden ilham alarak de\u011fi\u015fim s\u00fcre\u00e7lerine uyum sa\u011flar, ona uygun \u00e7\u00f6z\u00fcmler \u00fcretiriz.<\/p><p><strong>Yenilik\u00e7ilik<\/strong><\/p><p>De\u011fer yaratacak yenilik\u00e7i, yarat\u0131c\u0131 ve \u00f6nc\u00fc yakla\u015f\u0131mlar\u0131 belirleriz. Bu yakla\u015f\u0131mlar\u0131 hayata ge\u00e7irebilmek i\u00e7in ilham veririz.<\/p><p>Ate\u015f, her \u015feyden \u00f6nce \u00e7evresine etkide bulunan bir g\u00fc\u00e7 kayna\u011f\u0131d\u0131r. Karanl\u0131\u011f\u0131 ayd\u0131nlat\u0131r, yay\u0131larak etraf\u0131na \u0131\u015f\u0131k sa\u00e7ar. \u0130\u00e7imizdeki yenilik\u00e7ilik ate\u015fi t\u00fcm ekip arkada\u015flar\u0131m\u0131za yeni fikir \u00fcretmelerinde ilham verirken, i\u015fimizde anlam bulmam\u0131z\u0131 ve i\u015fimize anlam katmam\u0131z\u0131 sa\u011flar.<\/p>\t\t\t\t\t\t<\/div>\n\t\t\t\t<\/div>\n\t\t            <\/div>\n        <\/div>\n                            <\/div>\n        <\/section>\n                <section class=\"elementor-section elementor-top-section elementor-element elementor-element-3deb8b2 elementor-section-boxed elementor-section-height-default elementor-section-height-default\" data-id=\"3deb8b2\" data-element_type=\"section\">\n            \n                        <div class=\"elementor-container elementor-column-gap-default \">\n                    <div class=\"elementor-column elementor-col-100 elementor-top-column elementor-element elementor-element-7114ccb\" data-id=\"7114ccb\" data-element_type=\"column\">\n            <div class=\"elementor-widget-wrap elementor-element-populated\">\n                        \t\t<div class=\"elementor-element elementor-element-ab9395c elementor-widget elementor-widget-spacer\" data-id=\"ab9395c\" data-element_type=\"widget\" data-widget_type=\"spacer.default\">\n\t\t\t\t<div class=\"elementor-widget-container\">\n\t\t\t\t\t<div class=\"elementor-spacer\">\n\t\t\t<div class=\"elementor-spacer-inner\"><\/div>\n\t\t<\/div>\n\t\t\t\t<\/div>\n\t\t\t\t<\/div>\n\t\t            <\/div>\n        <\/div>\n                            <\/div>\n        <\/section>\n        \t\t\t\t\t<\/div>\n\t\t","protected":false},"excerpt":{"rendered":"<p>De\u011ferlerimiz Gelece\u011fi ba\u015far\u0131y\u0131 ve hayat\u0131 payla\u015fman\u0131n g\u00fcc\u00fcne inan\u0131r\u0131z! Bunu yaparken varolu\u015fumuzdan bu yana bize \u0131\u015f\u0131k tutan de\u011ferlerimizle i\u015fimize anlam katar\u0131z. G\u00fcven \u015eartlar ne olursa olsun kendimize ve kurumumuza g\u00fcven duyulmas\u0131n\u0131 sa\u011flayacak \u015fekilde davran\u0131r\u0131z. Bizi NOVA H\u0130DROL\u0130K yapan de\u011ferlerimizin temelinde y\u0131llard\u0131r t\u00fcm payda\u015flar\u0131m\u0131zla olu\u015fturdu\u011fumuz \u201cG\u00fcven\u201d var. G\u00fcveni, i\u015fimize kar\u015f\u0131 duydu\u011fumuz a\u015fk ve bizi insan yapan \u201csevgi\u201d [&hellip;]<\/p>\n","protected":false},"author":1,"featured_media":0,"parent":0,"menu_order":0,"comment_status":"closed","ping_status":"closed","template":"","meta":{"footnotes":""},"class_list":["post-6077","page","type-page","status-publish","hentry"],"_links":{"self":[{"href":"https:\/\/novahidrolik.com.tr\/index.php\/wp-json\/wp\/v2\/pages\/6077","targetHints":{"allow":["GET"]}}],"collection":[{"href":"https:\/\/novahidrolik.com.tr\/index.php\/wp-json\/wp\/v2\/pages"}],"about":[{"href":"https:\/\/novahidrolik.com.tr\/index.php\/wp-json\/wp\/v2\/types\/page"}],"author":[{"embeddable":true,"href":"https:\/\/novahidrolik.com.tr\/index.php\/wp-json\/wp\/v2\/users\/1"}],"replies":[{"embeddable":true,"href":"https:\/\/novahidrolik.com.tr\/index.php\/wp-json\/wp\/v2\/comments?post=6077"}],"version-history":[{"count":0,"href":"https:\/\/novahidrolik.com.tr\/index.php\/wp-json\/wp\/v2\/pages\/6077\/revisions"}],"wp:attachment":[{"href":"https:\/\/novahidrolik.com.tr\/index.php\/wp-json\/wp\/v2\/media?parent=6077"}],"curies":[{"name":"wp","href":"https:\/\/api.w.org\/{rel}","templated":true}]}}