{"id":6671,"date":"2022-01-15T11:21:01","date_gmt":"2022-01-15T08:21:01","guid":{"rendered":"https:\/\/novahidrolik.com.tr\/?post_type=product&#038;p=6671"},"modified":"2022-01-15T11:21:01","modified_gmt":"2022-01-15T08:21:01","slug":"dijital-basinc-gostergesi","status":"publish","type":"product","link":"https:\/\/novahidrolik.com.tr\/index.php\/urun\/dijital-basinc-gostergesi\/","title":{"rendered":"Dijital Bas\u0131n\u00e7 G\u00f6stergesi"},"content":{"rendered":"<p>&nbsp;<\/p>\n<p><img loading=\"lazy\" decoding=\"async\" class=\"alignnone size-full wp-image-3699\" src=\"https:\/\/www.jelpc.com\/wp-content\/uploads\/2020\/01\/DPS-Ordering-Code.jpg\" alt=\"\" width=\"2100\" height=\"480\" \/><\/p>\n<p>&nbsp;<\/p>\n<p><span>\u015eartname<\/span><\/p>\n<p>&nbsp;<\/p>\n<table border=\"1\" width=\"100%\" cellspacing=\"0\" cellpadding=\"0\">\n<tbody>\n<tr>\n<td colspan=\"2\"><span>modeli<\/span><\/td>\n<td><span>DPS-301(Kar\u0131\u015f\u0131k bas\u0131n\u00e7)<\/span><\/td>\n<td><span>DPS-310(Pozitif bas\u0131n\u00e7)<\/span><\/td>\n<\/tr>\n<tr>\n<td rowspan=\"9\"><span>Bask\u0131 yapmak<\/span><\/p>\n<p><span>\u00d6l\u00e7\u00fcm<\/span><\/td>\n<td><span>\u00d6l\u00e7\u00fcm aral\u0131\u011f\u0131<\/span><\/td>\n<td><span>-100~100kPa<\/span><\/td>\n<td><span>-0.100~1.000MPa<\/span><\/td>\n<\/tr>\n<tr>\n<td><span>\u00d6nceden Belirlenmi\u015f Aral\u0131k<\/span><\/td>\n<td><span>-100~100kPa<\/span><\/td>\n<td><span>0.000~1.000MPa<\/span><\/td>\n<\/tr>\n<tr>\n<td><span>Maksimum bas\u0131n\u00e7<\/span><\/td>\n<td><span>500kPa<\/span><\/td>\n<td><span>1.500MPa<\/span><\/td>\n<\/tr>\n<tr>\n<td><span>Bas\u0131n\u00e7 Formu<\/span><\/td>\n<td colspan=\"2\"><span>Yanmaz, A\u015f\u0131nd\u0131r\u0131c\u0131 olmayan gaz, G\u00f6sterge bas\u0131n\u00e7 \u00f6l\u00e7\u00fcm\u00fc<\/span><\/td>\n<\/tr>\n<tr>\n<td><span>\u00d6l\u00e7\u00fcm Hassasiyeti<\/span><\/td>\n<td colspan=\"2\"><span>\u2264 \u00b12%FS (Ortam s\u0131cakl\u0131\u011f\u0131 25\u2103)<\/span><\/td>\n<\/tr>\n<tr>\n<td><span>S\u0131cakl\u0131k Hatas\u0131<\/span><\/td>\n<td colspan=\"2\"><span>\u2264 \u00b13%FS (S\u0131cakl\u0131k aral\u0131\u011f\u0131 0~50\u2103 )<\/span><\/td>\n<\/tr>\n<tr>\n<td rowspan=\"3\">&nbsp;<\/p>\n<p><span>\u00d6l\u00e7\u00fcm Modu<\/span><\/p>\n<p>&nbsp;<\/td>\n<td colspan=\"2\"><span>Tek nokta modu<\/span><\/td>\n<\/tr>\n<tr>\n<td colspan=\"2\"><span>histerezis modu<\/span><\/td>\n<\/tr>\n<tr>\n<td colspan=\"2\"><span>Pencere modu<\/span><\/td>\n<\/tr>\n<tr>\n<td colspan=\"2\"><span>Bas\u0131n\u00e7 Portu Boyutu<\/span><\/td>\n<td colspan=\"2\"><span>Erkek di\u015fli R1\/8, NPT1\/8, G1\/8, Di\u015fi di\u015fli M5<\/span><\/td>\n<\/tr>\n<tr>\n<td rowspan=\"2\"><span>Bas\u0131n\u00e7 G\u00f6stergesi<\/span><\/td>\n<td><span>Temel A\u00e7\u0131klama<\/span><\/td>\n<td colspan=\"2\"><span>LCD ekran, 4 haneli \u00f6l\u00e7\u00fcm miktar\u0131, birim ekran\u0131, \u00e7\u0131k\u0131\u015f durumu ekran\u0131<\/span><\/td>\n<\/tr>\n<tr>\n<td><span>Ekran modu<\/span><\/td>\n<td colspan=\"2\"><span>Ayarlanabilir arka \u0131\u015f\u0131k, toplam 4 ekran modu<\/span><\/td>\n<\/tr>\n<tr>\n<td rowspan=\"2\"><span>Giri\u015f g\u00fcc\u00fc<\/span><\/td>\n<td><span>Voltaj aral\u0131\u011f\u0131<\/span><\/td>\n<td colspan=\"2\"><span>12~24VDC\u00b1%10<\/span><\/td>\n<\/tr>\n<tr>\n<td><span>G\u00fc\u00e7 t\u00fcketimi<\/span><\/td>\n<td colspan=\"2\"><span>40mA Maks (y\u00fcks\u00fcz)<\/span><\/td>\n<\/tr>\n<tr>\n<td rowspan=\"3\"><span>\u00c7\u0131k\u0131\u015f sinyali<\/span><\/td>\n<td><span>Transist\u00f6r \u00c7\u0131k\u0131\u015f\u0131<\/span><\/td>\n<td><span>NPN a\u00e7\u0131k kollekt\u00f6r \u00e7\u0131k\u0131\u015f\u0131 \u00c7\u0131k\u0131\u015f Elektrik ak\u0131m\u0131\uff1a80mA Maks. Dahili bas\u0131n\u00e7 d\u00fc\u015f\u00fc\u015f\u00fc\uff1a\u2264 1V<\/span><\/td>\n<td><span>PNP a\u00e7\u0131k kollekt\u00f6r \u00e7\u0131k\u0131\u015f\u0131 \u00c7\u0131k\u0131\u015f Elektrik ak\u0131m\u0131\uff1a80mA Maks. Dahili bas\u0131n\u00e7 d\u00fc\u015f\u00fc\u015f\u00fc\uff1a\u2264 1V<\/span><\/td>\n<\/tr>\n<tr>\n<td><span>Tepki S\u00fcresi<\/span><\/td>\n<td colspan=\"2\"><span>Ayarlanabilir : 2.5ms, 20ms, 100ms, 500ms, 1000ms, 2000ms<\/span><\/td>\n<\/tr>\n<tr>\n<td><span>K\u0131sa devre korumas\u0131<\/span><\/td>\n<td colspan=\"2\"><span>Evet<\/span><\/td>\n<\/tr>\n<tr>\n<td rowspan=\"7\"><span>\u00e7evre<\/span><\/p>\n<p><span>Rezistans<\/span><\/td>\n<td><span>IP Derecesi<\/span><\/td>\n<td colspan=\"2\"><span>IP40<\/span><\/td>\n<\/tr>\n<tr>\n<td><span>\u00c7evre s\u0131cakl\u0131\u011f\u0131<\/span><\/td>\n<td colspan=\"2\"><span>Ortam s\u0131cakl\u0131\u011f\u0131n\u0131 kullan\u0131n: 0~50\u2103, Ortam s\u0131cakl\u0131\u011f\u0131n\u0131 koruyun:-20~60\u2103<\/span><\/td>\n<\/tr>\n<tr>\n<td><span>Ortam Nemi<\/span><\/td>\n<td colspan=\"2\"><span>Ortam nemini kullan\u0131n: %35~80 Ba\u011f\u0131l Nem<\/span><\/td>\n<\/tr>\n<tr>\n<td><span>\u0130zolasyon Gerilimi<\/span><\/td>\n<td colspan=\"2\"><span>1000VAC 1 dakika<\/span><\/td>\n<\/tr>\n<tr>\n<td><span>Yal\u0131t\u0131m direnci<\/span><\/td>\n<td colspan=\"2\"><span>\u2265 50M\u03a9 (500VDC)<\/span><\/td>\n<\/tr>\n<tr>\n<td><span>\u015eok Kan\u0131t\u0131<\/span><\/td>\n<td colspan=\"2\"><span>Max 100m\/s\u00b2,3 eksen ve 6 y\u00f6n\/3 kez<\/span><\/td>\n<\/tr>\n<tr>\n<td><span>Titre\u015fime Dayan\u0131kl\u0131<\/span><\/td>\n<td colspan=\"2\"><span>Genlik 1.5mm\uff0c10HZ~500HZ\uff0c3eksen\/2h<\/span><\/td>\n<\/tr>\n<\/tbody>\n<\/table>\n","protected":false},"excerpt":{"rendered":"<p>Dijital Bas\u0131n\u00e7 G\u00f6stergesi<\/p>\n<p>DPS Serisi<\/p>\n","protected":false},"featured_media":6688,"template":"","meta":[],"product_cat":[47,77,73],"product_tag":[165,167,166,144,145],"class_list":{"0":"post-6671","1":"product","2":"type-product","3":"status-publish","4":"has-post-thumbnail","6":"product_cat-tum-urunleri","7":"product_cat-hava-hazirlayicilar","8":"product_cat-pnomatik","9":"product_tag-basinc-gostergesi","10":"product_tag-dijital-basinc-gostergesi","11":"product_tag-dps-serisi","12":"product_tag-jelpc","13":"product_tag-jelpcbursa","15":"first","16":"instock","17":"shipping-taxable","18":"product-type-simple"},"_links":{"self":[{"href":"https:\/\/novahidrolik.com.tr\/index.php\/wp-json\/wp\/v2\/product\/6671","targetHints":{"allow":["GET"]}}],"collection":[{"href":"https:\/\/novahidrolik.com.tr\/index.php\/wp-json\/wp\/v2\/product"}],"about":[{"href":"https:\/\/novahidrolik.com.tr\/index.php\/wp-json\/wp\/v2\/types\/product"}],"version-history":[{"count":0,"href":"https:\/\/novahidrolik.com.tr\/index.php\/wp-json\/wp\/v2\/product\/6671\/revisions"}],"wp:featuredmedia":[{"embeddable":true,"href":"https:\/\/novahidrolik.com.tr\/index.php\/wp-json\/wp\/v2\/media\/6688"}],"wp:attachment":[{"href":"https:\/\/novahidrolik.com.tr\/index.php\/wp-json\/wp\/v2\/media?parent=6671"}],"wp:term":[{"taxonomy":"product_cat","embeddable":true,"href":"https:\/\/novahidrolik.com.tr\/index.php\/wp-json\/wp\/v2\/product_cat?post=6671"},{"taxonomy":"product_tag","embeddable":true,"href":"https:\/\/novahidrolik.com.tr\/index.php\/wp-json\/wp\/v2\/product_tag?post=6671"}],"curies":[{"name":"wp","href":"https:\/\/api.w.org\/{rel}","templated":true}]}}