{"id":6758,"date":"2022-01-15T12:37:29","date_gmt":"2022-01-15T09:37:29","guid":{"rendered":"https:\/\/novahidrolik.com.tr\/?post_type=product&#038;p=6758"},"modified":"2022-01-15T12:37:30","modified_gmt":"2022-01-15T09:37:30","slug":"slayt-valfler","status":"publish","type":"product","link":"https:\/\/novahidrolik.com.tr\/index.php\/urun\/slayt-valfler\/","title":{"rendered":"Slayt Valfler"},"content":{"rendered":"<p><strong>\u00d6zellik:<\/strong><\/p>\n<p><span>2\/3 El s\u00fcrg\u00fcl\u00fc valf, Hava kayna\u011f\u0131 anahtar\u0131 olarak kullan\u0131labilir.\u00a0Hava kayna\u011f\u0131 kapat\u0131ld\u0131\u011f\u0131nda, sistemde kalan hava serbest b\u0131rak\u0131labilir.<\/span><\/p>\n<p>&nbsp;<\/p>\n<p><img loading=\"lazy\" decoding=\"async\" src=\"https:\/\/www.jelpc.com\/wp-content\/uploads\/2019\/12\/55.png\" alt=\"\" width=\"1100\" height=\"1\" \/><\/p>\n<p>&nbsp;<\/p>\n<p><span>Sipari\u015f kodu<\/span><\/p>\n<p>&nbsp;<\/p>\n<p><img loading=\"lazy\" decoding=\"async\" class=\"aligncenter size-full wp-image-3650\" src=\"https:\/\/www.jelpc.com\/wp-content\/uploads\/2020\/01\/HSV-Ordering-Code.jpg\" alt=\"\" width=\"2100\" height=\"420\" \/><\/p>\n<p>&nbsp;<\/p>\n<p><img loading=\"lazy\" decoding=\"async\" src=\"https:\/\/www.jelpc.com\/wp-content\/uploads\/2019\/12\/55.png\" alt=\"\" width=\"1100\" height=\"1\" \/><\/p>\n<p>&nbsp;<\/p>\n<p><span>sembol<\/span><\/p>\n<p>&nbsp;<\/p>\n<p><img loading=\"lazy\" decoding=\"async\" class=\"alignnone size-full wp-image-2965\" src=\"https:\/\/www.jelpc.com\/wp-content\/uploads\/2020\/01\/HSV-Symbol.jpg\" alt=\"\" width=\"400\" height=\"200\" \/><\/p>\n<p>&nbsp;<\/p>\n<p><img loading=\"lazy\" decoding=\"async\" src=\"https:\/\/www.jelpc.com\/wp-content\/uploads\/2019\/12\/55.png\" alt=\"\" width=\"1100\" height=\"1\" \/><\/p>\n<p>&nbsp;<\/p>\n<p><span>\u015eartname<\/span><\/p>\n<p>&nbsp;<\/p>\n<table border=\"1\" width=\"100%\" cellspacing=\"0\" cellpadding=\"0\">\n<tbody>\n<tr>\n<td><span>modeli<\/span><\/td>\n<td><span>HSV-01<\/span><\/td>\n<td><span>HSV-02<\/span><\/td>\n<td><span>HSV-03<\/span><\/td>\n<td><span>HSV-04<\/span><\/td>\n<\/tr>\n<tr>\n<td><span>Ba\u011flant\u0131 noktas\u0131 boyutu<\/span><\/td>\n<td><span>G1\/8&#8243;<\/span><\/td>\n<td><span>G11\/4&#8243;<\/span><\/td>\n<td><span>G3\/8&#8243;<\/span><\/td>\n<td><span>G1\/2&#8243;<\/span><\/td>\n<\/tr>\n<tr>\n<td><span>Orifis Boyutu<\/span><\/td>\n<td><span>4mm<\/span><\/td>\n<td><span>7 mm<\/span><\/td>\n<td><span>10 mm<\/span><\/td>\n<td><span>12 mm<\/span><\/td>\n<\/tr>\n<tr>\n<td><span>\u00c7al\u0131\u015fma Ortam\u0131<\/span><\/td>\n<td colspan=\"4\"><span>Filtrelenmi\u015f ve Bas\u0131n\u00e7l\u0131 Hava<\/span><\/td>\n<\/tr>\n<tr>\n<td><span>\u00c7al\u0131\u015fma Bas\u0131nc\u0131<\/span><\/td>\n<td colspan=\"4\"><span>0~1.0MPa<\/span><\/td>\n<\/tr>\n<tr>\n<td><span>Ortam s\u0131cakl\u0131\u011f\u0131<\/span><\/td>\n<td colspan=\"4\"><span>-20~70\u2103<\/span><\/td>\n<\/tr>\n<tr>\n<td><span>\u00c7al\u0131\u015fma G\u00fcc\u00fc<\/span><\/td>\n<td colspan=\"4\"><span>20N<\/span><\/td>\n<\/tr>\n<\/tbody>\n<\/table>\n<p>&nbsp;<\/p>\n<p><strong>Ortalama boyut:<\/strong><\/p>\n<p>&nbsp;<\/p>\n<p><img loading=\"lazy\" decoding=\"async\" class=\"alignnone size-full wp-image-2966\" src=\"https:\/\/www.jelpc.com\/wp-content\/uploads\/2020\/01\/HSV-Overall-Dimension.jpg\" alt=\"\" width=\"950\" height=\"855\" \/><\/p>\n<p>&nbsp;<\/p>\n<p><span>Boyut<\/span><\/p>\n<p>&nbsp;<\/p>\n<table border=\"1\" width=\"100%\" cellspacing=\"0\" cellpadding=\"0\">\n<tbody>\n<tr>\n<td><span>Model\/Sembol<\/span><\/td>\n<td><span>A<\/span><\/td>\n<td><span>B<\/span><\/td>\n<td><span>C<\/span><\/td>\n<td><span>D<\/span><\/td>\n<td><span>E<\/span><\/td>\n<td><span>F<\/span><\/td>\n<td><span>L<\/span><\/td>\n<\/tr>\n<tr>\n<td><span>HSV-01N<\/span><\/td>\n<td><span>20<\/span><\/td>\n<td><span>13<\/span><\/td>\n<td><span>G1\/8<\/span><\/td>\n<td><span>5.5<\/span><\/td>\n<td><span>20<\/span><\/td>\n<td><span>14<\/span><\/td>\n<td><span>32<\/span><\/td>\n<\/tr>\n<tr>\n<td><span>HSV-02N<\/span><\/td>\n<td><span>27<\/span><\/td>\n<td><span>18<\/span><\/td>\n<td><span>G1\/4<\/span><\/td>\n<td><span>9.5<\/span><\/td>\n<td><span>32<\/span><\/td>\n<td><span>19<\/span><\/td>\n<td><span>48<\/span><\/td>\n<\/tr>\n<tr>\n<td><span>HSV-03N<\/span><\/td>\n<td><span>30<\/span><\/td>\n<td><span>21<\/span><\/td>\n<td><span>G3\/8<\/span><\/td>\n<td><span>9.5<\/span><\/td>\n<td><span>32<\/span><\/td>\n<td><span>22<\/span><\/td>\n<td><span>48<\/span><\/td>\n<\/tr>\n<tr>\n<td><span>HSV-04N<\/span><\/td>\n<td><span>38<\/span><\/td>\n<td><span>24<\/span><\/td>\n<td><span>G1\/2<\/span><\/td>\n<td><span>17<\/span><\/td>\n<td><span>40<\/span><\/td>\n<td><span>27<\/span><\/td>\n<td><span>70<\/span><\/td>\n<\/tr>\n<\/tbody>\n<\/table>\n<p>&nbsp;<\/p>\n<table border=\"1\" width=\"100%\" cellspacing=\"0\" cellpadding=\"0\">\n<tbody>\n<tr>\n<td><span>Model\/Sembol<\/span><\/td>\n<td><span>A<\/span><\/td>\n<td><span>B<\/span><\/td>\n<td><span>C<\/span><\/td>\n<td><span>D<\/span><\/td>\n<td><span>E<\/span><\/td>\n<td><span>F<\/span><\/td>\n<td><span>n<\/span><\/td>\n<td><span>L<\/span><\/td>\n<\/tr>\n<tr>\n<td><span>HSV-01<\/span><\/td>\n<td><span>20<\/span><\/td>\n<td><span>13<\/span><\/td>\n<td><span>G1\/8<\/span><\/td>\n<td><span>5.5<\/span><\/td>\n<td><span>20<\/span><\/td>\n<td><span>14<\/span><\/td>\n<td><span>6<\/span><\/td>\n<td><span>38<\/span><\/td>\n<\/tr>\n<tr>\n<td><span>HSV-02<\/span><\/td>\n<td><span>27<\/span><\/td>\n<td><span>18<\/span><\/td>\n<td><span>G1\/4<\/span><\/td>\n<td><span>95<\/span><\/td>\n<td><span>32<\/span><\/td>\n<td><span>19<\/span><\/td>\n<td><span>10<\/span><\/td>\n<td><span>58<\/span><\/td>\n<\/tr>\n<tr>\n<td><span>HSV-03<\/span><\/td>\n<td><span>30<\/span><\/td>\n<td><span>21<\/span><\/td>\n<td><span>G3\/8<\/span><\/td>\n<td><span>95<\/span><\/td>\n<td><span>32<\/span><\/td>\n<td><span>22<\/span><\/td>\n<td><span>10<\/span><\/td>\n<td><span>58<\/span><\/td>\n<\/tr>\n<tr>\n<td><span>HSV-04<\/span><\/td>\n<td><span>38<\/span><\/td>\n<td><span>24<\/span><\/td>\n<td><span>G1\/2<\/span><\/td>\n<td><span>17<\/span><\/td>\n<td><span>40<\/span><\/td>\n<td><span>27<\/span><\/td>\n<td><span>10<\/span><\/td>\n<td><span>80<\/span><\/td>\n<\/tr>\n<\/tbody>\n<\/table>\n","protected":false},"excerpt":{"rendered":"<p><strong>Slayt Valfler<\/strong><\/p>\n<p><strong>\u00d6zellik:<\/strong><\/p>\n<p><span>2\/3 El s\u00fcrg\u00fcl\u00fc valf, Hava kayna\u011f\u0131 anahtar\u0131 olarak kullan\u0131labilir.\u00a0Hava kayna\u011f\u0131 kapat\u0131ld\u0131\u011f\u0131nda, sistemde kalan hava serbest b\u0131rak\u0131labilir.<\/span><\/p>\n","protected":false},"featured_media":6760,"template":"","meta":[],"product_cat":[47,73,75],"product_tag":[161,151,150,144,145,146,142,143],"class_list":{"0":"post-6758","1":"product","2":"type-product","3":"status-publish","4":"has-post-thumbnail","6":"product_cat-tum-urunleri","7":"product_cat-pnomatik","8":"product_cat-valfler","9":"product_tag-1-2","10":"product_tag-1-4","11":"product_tag-1-8","12":"product_tag-jelpc","13":"product_tag-jelpcbursa","14":"product_tag-jelpcvalf","15":"product_tag-valf","16":"product_tag-valf-fiyati","18":"first","19":"instock","20":"shipping-taxable","21":"product-type-simple"},"_links":{"self":[{"href":"https:\/\/novahidrolik.com.tr\/index.php\/wp-json\/wp\/v2\/product\/6758","targetHints":{"allow":["GET"]}}],"collection":[{"href":"https:\/\/novahidrolik.com.tr\/index.php\/wp-json\/wp\/v2\/product"}],"about":[{"href":"https:\/\/novahidrolik.com.tr\/index.php\/wp-json\/wp\/v2\/types\/product"}],"version-history":[{"count":0,"href":"https:\/\/novahidrolik.com.tr\/index.php\/wp-json\/wp\/v2\/product\/6758\/revisions"}],"wp:featuredmedia":[{"embeddable":true,"href":"https:\/\/novahidrolik.com.tr\/index.php\/wp-json\/wp\/v2\/media\/6760"}],"wp:attachment":[{"href":"https:\/\/novahidrolik.com.tr\/index.php\/wp-json\/wp\/v2\/media?parent=6758"}],"wp:term":[{"taxonomy":"product_cat","embeddable":true,"href":"https:\/\/novahidrolik.com.tr\/index.php\/wp-json\/wp\/v2\/product_cat?post=6758"},{"taxonomy":"product_tag","embeddable":true,"href":"https:\/\/novahidrolik.com.tr\/index.php\/wp-json\/wp\/v2\/product_tag?post=6758"}],"curies":[{"name":"wp","href":"https:\/\/api.w.org\/{rel}","templated":true}]}}