{"id":6762,"date":"2022-01-15T12:49:26","date_gmt":"2022-01-15T09:49:26","guid":{"rendered":"https:\/\/novahidrolik.com.tr\/?post_type=product&#038;p=6762"},"modified":"2022-01-15T12:49:26","modified_gmt":"2022-01-15T09:49:26","slug":"cabuk-egzozlar","status":"publish","type":"product","link":"https:\/\/novahidrolik.com.tr\/index.php\/urun\/cabuk-egzozlar\/","title":{"rendered":"\u00c7abuk Egzozlar"},"content":{"rendered":"<p><strong>Sipari\u015f kodu:<\/strong><\/p>\n<p>&nbsp;<\/p>\n<p><img loading=\"lazy\" decoding=\"async\" class=\"aligncenter size-full wp-image-3646\" src=\"https:\/\/www.jelpc.com\/wp-content\/uploads\/2020\/01\/QE-Ordering-Code.jpg\" alt=\"\" width=\"2100\" height=\"470\" \/><\/p>\n<p>&nbsp;<\/p>\n<p><img loading=\"lazy\" decoding=\"async\" src=\"https:\/\/www.jelpc.com\/wp-content\/uploads\/2019\/12\/55.png\" alt=\"\" width=\"1100\" height=\"1\" \/><\/p>\n<p>&nbsp;<\/p>\n<p><span>sembol<\/span><\/p>\n<p>&nbsp;<\/p>\n<p><img loading=\"lazy\" decoding=\"async\" class=\"alignnone size-full wp-image-2954\" src=\"https:\/\/www.jelpc.com\/wp-content\/uploads\/2020\/01\/QE-QEA-Symbol.jpg\" alt=\"\" width=\"400\" height=\"200\" \/><\/p>\n<p>&nbsp;<\/p>\n<p><img loading=\"lazy\" decoding=\"async\" src=\"https:\/\/www.jelpc.com\/wp-content\/uploads\/2019\/12\/55.png\" alt=\"\" width=\"1100\" height=\"1\" \/><\/p>\n<p>&nbsp;<\/p>\n<p><span>\u015eartname<\/span><\/p>\n<p>&nbsp;<\/p>\n<table border=\"1\" width=\"100%\" cellspacing=\"0\" cellpadding=\"0\">\n<tbody>\n<tr>\n<td><span>modeli<\/span><\/td>\n<td><span>QE-01<\/span><\/td>\n<td><span>QE-02<\/span><\/td>\n<td><span>QE-03<\/span><\/td>\n<td><span>QE-04<\/span><\/td>\n<td><span>QE-06<\/span><\/td>\n<\/tr>\n<tr>\n<td><span>Ba\u011flant\u0131 noktas\u0131 boyutu<\/span><\/td>\n<td><span>G1\/8&#8243;<\/span><\/td>\n<td><span>G1\/4&#8243;<\/span><\/td>\n<td><span>G3\/8&#8243;<\/span><\/td>\n<td><span>G1\/2&#8243;<\/span><\/td>\n<td><span>G3\/4&#8243;<\/span><\/td>\n<\/tr>\n<tr>\n<td><span>Etkili Kesit Alan\u0131<\/span><\/td>\n<td><span>16 mm\u00b2<\/span><\/td>\n<td><span>27,5 mm\u00b2<\/span><\/td>\n<td><span>28 mm\u00b2<\/span><\/td>\n<td><span>71 mm\u00b2<\/span><\/td>\n<td><span>72,5 mm\u00b2<\/span><\/td>\n<\/tr>\n<tr>\n<td><span>\u00c7al\u0131\u015fma Ortam\u0131<\/span><\/td>\n<td colspan=\"5\"><span>Hava<\/span><\/td>\n<\/tr>\n<tr>\n<td><span>\u00c7al\u0131\u015fma Bas\u0131nc\u0131<\/span><\/td>\n<td colspan=\"5\"><span>0\uff5e1.0MPa<\/span><\/td>\n<\/tr>\n<tr>\n<td><span>Ortam s\u0131cakl\u0131\u011f\u0131<\/span><\/td>\n<td colspan=\"5\"><span>-20~70\u2103<\/span><\/td>\n<\/tr>\n<\/tbody>\n<\/table>\n<p>&nbsp;<\/p>\n<p><strong>Ortalama boyut:<\/strong><\/p>\n<p>&nbsp;<\/p>\n<p><img loading=\"lazy\" decoding=\"async\" class=\"alignnone size-full wp-image-2955\" src=\"https:\/\/www.jelpc.com\/wp-content\/uploads\/2020\/01\/QE-QEA-Overall-Dimension.jpg\" alt=\"\" width=\"900\" height=\"1000\" \/><\/p>\n<p>&nbsp;<\/p>\n<p><span>Boyut<\/span><\/p>\n<p>&nbsp;<\/p>\n<table border=\"1\" width=\"100%\" cellspacing=\"0\" cellpadding=\"0\">\n<tbody>\n<tr>\n<td><span>Model\/Sembol<\/span><\/td>\n<td><span>r<\/span><\/td>\n<td><span>delik<\/span><\/td>\n<td><span>L<\/span><\/td>\n<td><span>W<\/span><\/td>\n<td><span>H<\/span><\/td>\n<td><span>A<\/span><\/td>\n<td><span>B<\/span><\/td>\n<td><span>C<\/span><\/td>\n<td><span>D<\/span><\/td>\n<\/tr>\n<tr>\n<td><span>QE-01<\/span><\/td>\n<td><span>G1\/8<\/span><\/td>\n<td><span>G1\/4<\/span><\/td>\n<td><span>46<\/span><\/td>\n<td><span>20<\/span><\/td>\n<td><span>32<\/span><\/td>\n<td><span>30<\/span><\/td>\n<td><span>4.3<\/span><\/td>\n<td><span>27<\/span><\/td>\n<td><span>40<\/span><\/td>\n<\/tr>\n<tr>\n<td><span>QE-02<\/span><\/td>\n<td><span>G1\/4<\/span><\/td>\n<td><span>G3\/8<\/span><\/td>\n<td><span>61<\/span><\/td>\n<td><span>25<\/span><\/td>\n<td><span>40<\/span><\/td>\n<td><span>39<\/span><\/td>\n<td><span>5.5<\/span><\/td>\n<td><span>33<\/span><\/td>\n<td><span>55<\/span><\/td>\n<\/tr>\n<tr>\n<td><span>QE-03<\/span><\/td>\n<td><span>G3\/8<\/span><\/td>\n<td><span>G3\/8<\/span><\/td>\n<td><span>61<\/span><\/td>\n<td><span>25<\/span><\/td>\n<td><span>40<\/span><\/td>\n<td><span>39<\/span><\/td>\n<td><span>5.5<\/span><\/td>\n<td><span>33<\/span><\/td>\n<td><span>55<\/span><\/td>\n<\/tr>\n<tr>\n<td><span>QE-04<\/span><\/td>\n<td><span>G1\/2<\/span><\/td>\n<td><span>G3\/8<\/span><\/td>\n<td><span>52 5<\/span><\/td>\n<td><span>28<\/span><\/td>\n<td><span>36<\/span><\/td>\n<td><span>&#8211;<\/span><\/td>\n<td><span>&#8211;<\/span><\/td>\n<td><span>&#8211;<\/span><\/td>\n<td><span>48<\/span><\/td>\n<\/tr>\n<tr>\n<td><span>QE-06<\/span><\/td>\n<td><span>G3\/4<\/span><\/td>\n<td><span>G3\/4<\/span><\/td>\n<td><span>98<\/span><\/td>\n<td><span>38<\/span><\/td>\n<td><span>64<\/span><\/td>\n<td><span>60<\/span><\/td>\n<td><span>8.5<\/span><\/td>\n<td><span>51<\/span><\/td>\n<td><span>90<\/span><\/td>\n<\/tr>\n<\/tbody>\n<\/table>\n<p>&nbsp;<\/p>\n<table border=\"1\" width=\"100%\" cellspacing=\"0\" cellpadding=\"0\">\n<tbody>\n<tr>\n<td><span>Model\/Sembol<\/span><\/td>\n<td><span>T<\/span><\/td>\n<td><span>H<\/span><\/td>\n<td><span>L<\/span><\/td>\n<td><span>m<\/span><\/td>\n<td><span>n<\/span><\/td>\n<td><span>x<\/span><\/td>\n<\/tr>\n<tr>\n<td><span>QEA-01<\/span><\/td>\n<td><span>G1\/8<\/span><\/td>\n<td><span>40<\/span><\/td>\n<td><span>32<\/span><\/td>\n<td><span>28<\/span><\/td>\n<td><span>12<\/span><\/td>\n<td><span>14<\/span><\/td>\n<\/tr>\n<tr>\n<td><span>QEA-02<\/span><\/td>\n<td><span>G1\/4<\/span><\/td>\n<td><span>45<\/span><\/td>\n<td><span>38<\/span><\/td>\n<td><span>33,5<\/span><\/td>\n<td><span>14<\/span><\/td>\n<td><span>17<\/span><\/td>\n<\/tr>\n<tr>\n<td><span>QEA-03<\/span><\/td>\n<td><span>G3\/8<\/span><\/td>\n<td><span>55.5<\/span><\/td>\n<td><span>47<\/span><\/td>\n<td><span>39<\/span><\/td>\n<td><span>15.5<\/span><\/td>\n<td><span>22<\/span><\/td>\n<\/tr>\n<tr>\n<td><span>QEA-04<\/span><\/td>\n<td><span>G1\/2<\/span><\/td>\n<td><span>62<\/span><\/td>\n<td><span>55<\/span><\/td>\n<td><span>43<\/span><\/td>\n<td><span>22<\/span><\/td>\n<td><span>24<\/span><\/td>\n<\/tr>\n<tr>\n<td><span>QEA-06<\/span><\/td>\n<td><span>G3\/4<\/span><\/td>\n<td><span>91<\/span><\/td>\n<td><span>66<\/span><\/td>\n<td><span>53<\/span><\/td>\n<td><span>35<\/span><\/td>\n<td><span>34<\/span><\/td>\n<\/tr>\n<\/tbody>\n<\/table>\n","protected":false},"excerpt":{"rendered":"<p><strong>\u00c7abuk Egzozlar<\/strong><\/p>\n","protected":false},"featured_media":6763,"template":"","meta":[],"product_cat":[47,73,75],"product_tag":[161,151,150,174,140,144,145,142,143],"class_list":{"0":"post-6762","1":"product","2":"type-product","3":"status-publish","4":"has-post-thumbnail","6":"product_cat-tum-urunleri","7":"product_cat-pnomatik","8":"product_cat-valfler","9":"product_tag-1-2","10":"product_tag-1-4","11":"product_tag-1-8","12":"product_tag-3-8","13":"product_tag-bursa-pnomatik-valf","14":"product_tag-jelpc","15":"product_tag-jelpcbursa","16":"product_tag-valf","17":"product_tag-valf-fiyati","19":"first","20":"instock","21":"shipping-taxable","22":"product-type-simple"},"_links":{"self":[{"href":"https:\/\/novahidrolik.com.tr\/index.php\/wp-json\/wp\/v2\/product\/6762","targetHints":{"allow":["GET"]}}],"collection":[{"href":"https:\/\/novahidrolik.com.tr\/index.php\/wp-json\/wp\/v2\/product"}],"about":[{"href":"https:\/\/novahidrolik.com.tr\/index.php\/wp-json\/wp\/v2\/types\/product"}],"version-history":[{"count":0,"href":"https:\/\/novahidrolik.com.tr\/index.php\/wp-json\/wp\/v2\/product\/6762\/revisions"}],"wp:featuredmedia":[{"embeddable":true,"href":"https:\/\/novahidrolik.com.tr\/index.php\/wp-json\/wp\/v2\/media\/6763"}],"wp:attachment":[{"href":"https:\/\/novahidrolik.com.tr\/index.php\/wp-json\/wp\/v2\/media?parent=6762"}],"wp:term":[{"taxonomy":"product_cat","embeddable":true,"href":"https:\/\/novahidrolik.com.tr\/index.php\/wp-json\/wp\/v2\/product_cat?post=6762"},{"taxonomy":"product_tag","embeddable":true,"href":"https:\/\/novahidrolik.com.tr\/index.php\/wp-json\/wp\/v2\/product_tag?post=6762"}],"curies":[{"name":"wp","href":"https:\/\/api.w.org\/{rel}","templated":true}]}}