{"id":6940,"date":"2022-01-17T10:42:57","date_gmt":"2022-01-17T07:42:57","guid":{"rendered":"https:\/\/novahidrolik.com.tr\/?post_type=product&#038;p=6940"},"modified":"2022-01-17T11:00:12","modified_gmt":"2022-01-17T08:00:12","slug":"bsp-ara-nipeli","status":"publish","type":"product","link":"https:\/\/novahidrolik.com.tr\/index.php\/urun\/bsp-ara-nipeli\/","title":{"rendered":"BSP ARA N\u0130PEL\u0130"},"content":{"rendered":"","protected":false},"excerpt":{"rendered":"<table class=\"table table-striped\" cellspacing=\"0\">\n<tbody>\n<tr>\n<td colspan=\"7\"><strong>BSP ARA N\u0130PEL\u0130<\/strong><br \/>\nBSP STRAIGHT UNION CONNECTOR<\/td>\n<\/tr>\n<tr>\n<td><strong>MALZEME KODU<\/strong><br \/>\nMATERIAL CODE<\/td>\n<td><strong>D\u0130\u015e \u00d6L\u00c7\u00dcS\u00dc<\/strong><br \/>\nTHREAD SIZE<br \/>\nT1<\/td>\n<td><strong>D\u0130\u015e \u00d6L\u00c7\u00dcS\u00dc<\/strong><br \/>\nTHREAD SIZE<br \/>\nT1<\/td>\n<td><strong>B<\/strong><\/td>\n<td><strong>C<\/strong><\/td>\n<td><strong>\u00d8D<\/strong><\/td>\n<td><strong>AA<\/strong><\/td>\n<\/tr>\n<tr>\n<td>RK-1010-RRN<\/td>\n<td>R1\/8-28<\/td>\n<td>R1\/8-28<\/td>\n<td>24.5<\/td>\n<td>9<\/td>\n<td>4<\/td>\n<td>14<\/td>\n<\/tr>\n<tr>\n<td>RK-1313-RRN<\/td>\n<td>R1\/4-19<\/td>\n<td>R1\/4-19<\/td>\n<td>30.5<\/td>\n<td>11<\/td>\n<td>6<\/td>\n<td>19<\/td>\n<\/tr>\n<tr>\n<td>RK-1717-RRN<\/td>\n<td>R3\/8-19<\/td>\n<td>R3\/8-19<\/td>\n<td>33.5<\/td>\n<td>12<\/td>\n<td>9<\/td>\n<td>22<\/td>\n<\/tr>\n<tr>\n<td>RK-2121-RRN<\/td>\n<td>R1\/2-14<\/td>\n<td>R1\/2-14<\/td>\n<td>39<\/td>\n<td>14<\/td>\n<td>12<\/td>\n<td>27<\/td>\n<\/tr>\n<tr>\n<td>RK-2323-RRN<\/td>\n<td>R5\/8-14<\/td>\n<td>R5\/8-14<\/td>\n<td>43.5<\/td>\n<td>16<\/td>\n<td>14<\/td>\n<td>30<\/td>\n<\/tr>\n<tr>\n<td>RK-2626-RRN<\/td>\n<td>R3\/4-14<\/td>\n<td>R3\/4-14<\/td>\n<td>44<\/td>\n<td>16<\/td>\n<td>16<\/td>\n<td>32<\/td>\n<\/tr>\n<tr>\n<td>RK-3333-RRN<\/td>\n<td>R1&#8243;-11<\/td>\n<td>R1&#8243;-11<\/td>\n<td>50.5<\/td>\n<td>18.5<\/td>\n<td>20<\/td>\n<td>41<\/td>\n<\/tr>\n<tr>\n<td>RK-4242-RRN<\/td>\n<td>R1&#8243;1\/4-11<\/td>\n<td>R1&#8243;1\/4-11<\/td>\n<td>59.5<\/td>\n<td>22<\/td>\n<td>28<\/td>\n<td>50<\/td>\n<\/tr>\n<tr>\n<td>RK-4848-RRN<\/td>\n<td>R1&#8243;1\/2-11<\/td>\n<td>R1&#8243;1\/2-11<\/td>\n<td>61<\/td>\n<td>22<\/td>\n<td>32<\/td>\n<td>55<\/td>\n<\/tr>\n<tr>\n<td>RK-6060-RRN<\/td>\n<td>R2&#8243;-11<\/td>\n<td>R2&#8243;-11<\/td>\n<td>66.5<\/td>\n<td>24<\/td>\n<td>45<\/td>\n<td>70<\/td>\n<\/tr>\n<tr>\n<td>RK-7575-RRN<\/td>\n<td>R2&#8243;1\/2-11<\/td>\n<td>R2&#8243;1\/2-11<\/td>\n<td>70<\/td>\n<td>24<\/td>\n<td>56<\/td>\n<td>81<\/td>\n<\/tr>\n<tr>\n<td>RK-8888-RRN<\/td>\n<td>R3&#8243;-11<\/td>\n<td>R3&#8243;-11<\/td>\n<td>70<\/td>\n<td>24<\/td>\n<td>68<\/td>\n<td>91<\/td>\n<\/tr>\n<\/tbody>\n<\/table>\n","protected":false},"featured_media":6941,"template":"","meta":[],"product_cat":[47,112],"product_tag":[161,151,150,175,174,216,224,206,225],"class_list":{"0":"post-6940","1":"product","2":"type-product","3":"status-publish","4":"has-post-thumbnail","6":"product_cat-tum-urunleri","7":"product_cat-hidrolik-rekorlar","8":"product_tag-1-2","9":"product_tag-1-4","10":"product_tag-1-8","11":"product_tag-3-4","12":"product_tag-3-8","13":"product_tag-hidrolik","14":"product_tag-hidrolik-rekor","15":"product_tag-rekor","16":"product_tag-rekorsan","18":"first","19":"instock","20":"shipping-taxable","21":"product-type-simple"},"_links":{"self":[{"href":"https:\/\/novahidrolik.com.tr\/index.php\/wp-json\/wp\/v2\/product\/6940","targetHints":{"allow":["GET"]}}],"collection":[{"href":"https:\/\/novahidrolik.com.tr\/index.php\/wp-json\/wp\/v2\/product"}],"about":[{"href":"https:\/\/novahidrolik.com.tr\/index.php\/wp-json\/wp\/v2\/types\/product"}],"version-history":[{"count":0,"href":"https:\/\/novahidrolik.com.tr\/index.php\/wp-json\/wp\/v2\/product\/6940\/revisions"}],"wp:featuredmedia":[{"embeddable":true,"href":"https:\/\/novahidrolik.com.tr\/index.php\/wp-json\/wp\/v2\/media\/6941"}],"wp:attachment":[{"href":"https:\/\/novahidrolik.com.tr\/index.php\/wp-json\/wp\/v2\/media?parent=6940"}],"wp:term":[{"taxonomy":"product_cat","embeddable":true,"href":"https:\/\/novahidrolik.com.tr\/index.php\/wp-json\/wp\/v2\/product_cat?post=6940"},{"taxonomy":"product_tag","embeddable":true,"href":"https:\/\/novahidrolik.com.tr\/index.php\/wp-json\/wp\/v2\/product_tag?post=6940"}],"curies":[{"name":"wp","href":"https:\/\/api.w.org\/{rel}","templated":true}]}}