{"id":6958,"date":"2022-01-17T11:13:51","date_gmt":"2022-01-17T08:13:51","guid":{"rendered":"https:\/\/novahidrolik.com.tr\/?post_type=product&#038;p=6958"},"modified":"2022-01-17T11:13:51","modified_gmt":"2022-01-17T08:13:51","slug":"unf-ara-nipeli","status":"publish","type":"product","link":"https:\/\/novahidrolik.com.tr\/index.php\/urun\/unf-ara-nipeli\/","title":{"rendered":"UNF ARA N\u0130PEL\u0130"},"content":{"rendered":"","protected":false},"excerpt":{"rendered":"<table class=\"table table-striped\" cellspacing=\"0\">\n<tbody>\n<tr>\n<td colspan=\"6\"><strong>UNF ARA N\u0130PEL\u0130<\/strong><br \/>\nUNF STRAIGHT UNION CONNECTOR<\/td>\n<\/tr>\n<tr>\n<td>MALZEME KODU<br \/>\nMATERIAL CODE<\/td>\n<td>D\u0130\u015e \u00d6L\u00c7\u00dcS\u00dc<br \/>\nTHREAD SIZE<br \/>\nT1<\/td>\n<td>D\u0130\u015e \u00d6L\u00c7\u00dcS\u00dc<br \/>\nTHREAD SIZE<br \/>\nT2<\/td>\n<td>B<\/td>\n<td>\u00d8D<\/td>\n<td>AA<\/td>\n<\/tr>\n<tr>\n<td>RK-1111-WWN<\/td>\n<td>7\/16-20<\/td>\n<td>7\/16-20<\/td>\n<td>35<\/td>\n<td>4,5<\/td>\n<td>12<\/td>\n<\/tr>\n<tr>\n<td>RK-1212-WWN<\/td>\n<td>1\/2-20<\/td>\n<td>1\/2-20<\/td>\n<td>35<\/td>\n<td>6<\/td>\n<td>14<\/td>\n<\/tr>\n<tr>\n<td>RK-1414-WWN<\/td>\n<td>9\/16-18<\/td>\n<td>9\/16-18<\/td>\n<td>35,5<\/td>\n<td>7,5<\/td>\n<td>17<\/td>\n<\/tr>\n<tr>\n<td>RK-1616-WWN<\/td>\n<td>5\/8-18<\/td>\n<td>5\/8-18<\/td>\n<td>39<\/td>\n<td>8<\/td>\n<td>17<\/td>\n<\/tr>\n<tr>\n<td>RK-1919-WWN<\/td>\n<td>3\/4-16<\/td>\n<td>3\/4-16<\/td>\n<td>41<\/td>\n<td>10<\/td>\n<td>19<\/td>\n<\/tr>\n<tr>\n<td>RK-2222-WWN<\/td>\n<td>7\/8-14<\/td>\n<td>7\/8-14<\/td>\n<td>48<\/td>\n<td>12,5<\/td>\n<td>24<\/td>\n<\/tr>\n<tr>\n<td>RK-2727-WWN<\/td>\n<td>1&#8243;1\/16-12<\/td>\n<td>1&#8243;1\/16-12<\/td>\n<td>55<\/td>\n<td>15,5<\/td>\n<td>27<\/td>\n<\/tr>\n<tr>\n<td>RK-3333-WWN<\/td>\n<td>1&#8243;5\/16-12<\/td>\n<td>1&#8243;5\/16-12<\/td>\n<td>57<\/td>\n<td>21,5<\/td>\n<td>36<\/td>\n<\/tr>\n<tr>\n<td>RK-4141-WWN<\/td>\n<td>1&#8243;5\/8-12<\/td>\n<td>1&#8243;5\/8-12<\/td>\n<td>61,5<\/td>\n<td>27,5<\/td>\n<td>46<\/td>\n<\/tr>\n<tr>\n<td>RK-4747-WWN<\/td>\n<td>1&#8243;7\/8-12<\/td>\n<td>1&#8243;7\/8-12<\/td>\n<td>69,5<\/td>\n<td>33,5<\/td>\n<td>50<\/td>\n<\/tr>\n<\/tbody>\n<\/table>\n","protected":false},"featured_media":6960,"template":"","meta":[],"product_cat":[47,112],"product_tag":[161,175,216,224,206,225],"class_list":{"0":"post-6958","1":"product","2":"type-product","3":"status-publish","4":"has-post-thumbnail","6":"product_cat-tum-urunleri","7":"product_cat-hidrolik-rekorlar","8":"product_tag-1-2","9":"product_tag-3-4","10":"product_tag-hidrolik","11":"product_tag-hidrolik-rekor","12":"product_tag-rekor","13":"product_tag-rekorsan","15":"first","16":"instock","17":"shipping-taxable","18":"product-type-simple"},"_links":{"self":[{"href":"https:\/\/novahidrolik.com.tr\/index.php\/wp-json\/wp\/v2\/product\/6958","targetHints":{"allow":["GET"]}}],"collection":[{"href":"https:\/\/novahidrolik.com.tr\/index.php\/wp-json\/wp\/v2\/product"}],"about":[{"href":"https:\/\/novahidrolik.com.tr\/index.php\/wp-json\/wp\/v2\/types\/product"}],"version-history":[{"count":0,"href":"https:\/\/novahidrolik.com.tr\/index.php\/wp-json\/wp\/v2\/product\/6958\/revisions"}],"wp:featuredmedia":[{"embeddable":true,"href":"https:\/\/novahidrolik.com.tr\/index.php\/wp-json\/wp\/v2\/media\/6960"}],"wp:attachment":[{"href":"https:\/\/novahidrolik.com.tr\/index.php\/wp-json\/wp\/v2\/media?parent=6958"}],"wp:term":[{"taxonomy":"product_cat","embeddable":true,"href":"https:\/\/novahidrolik.com.tr\/index.php\/wp-json\/wp\/v2\/product_cat?post=6958"},{"taxonomy":"product_tag","embeddable":true,"href":"https:\/\/novahidrolik.com.tr\/index.php\/wp-json\/wp\/v2\/product_tag?post=6958"}],"curies":[{"name":"wp","href":"https:\/\/api.w.org\/{rel}","templated":true}]}}