{"id":6996,"date":"2022-01-17T12:03:14","date_gmt":"2022-01-17T09:03:14","guid":{"rendered":"https:\/\/novahidrolik.com.tr\/?post_type=product&#038;p=6996"},"modified":"2022-01-17T12:03:15","modified_gmt":"2022-01-17T09:03:15","slug":"metrik-somunlu-ters-nipel","status":"publish","type":"product","link":"https:\/\/novahidrolik.com.tr\/index.php\/urun\/metrik-somunlu-ters-nipel\/","title":{"rendered":"METR\u0130K SOMUNLU TERS N\u0130PEL"},"content":{"rendered":"","protected":false},"excerpt":{"rendered":"<table class=\"table table-striped\" cellspacing=\"0\">\n<tbody>\n<tr>\n<td colspan=\"6\"><strong>METR\u0130K SOMUNLU TERS N\u0130PEL<\/strong><br \/>\nMETRIC STRAIGHT UNION SWIVEL REDUCER WITH NUT<\/td>\n<\/tr>\n<tr>\n<td><strong>MALZEME KODU<\/strong><br \/>\nMATERIAL CODE<\/td>\n<td><strong>D\u0130\u015e \u00d6L\u00c7\u00dcS\u00dc<\/strong><br \/>\nTHREAD SIZE<br \/>\nT1<\/td>\n<td><strong>\u00d8D<\/strong><\/td>\n<td><strong>\u00d8D1<\/strong><\/td>\n<td><strong>B<\/strong><\/td>\n<td><strong>AA<\/strong><\/td>\n<\/tr>\n<tr>\n<td colspan=\"6\"><strong>L T\u0130P\u0130 \/ L TYPE<\/strong><\/td>\n<\/tr>\n<tr>\n<td>RK-1206-MSTN-L<\/td>\n<td>M12x1,5\u00a0\u00a0\u00a0\u00a0\u00a0 6L<\/td>\n<td>6<\/td>\n<td>3<\/td>\n<td>32<\/td>\n<td>17<\/td>\n<\/tr>\n<tr>\n<td>RK-1408-MSTN-L<\/td>\n<td>M14x1,5\u00a0\u00a0\u00a0\u00a0\u00a0 8L<\/td>\n<td>8<\/td>\n<td>4<\/td>\n<td>32<\/td>\n<td>17<\/td>\n<\/tr>\n<tr>\n<td>RK-1610-MSTN-L<\/td>\n<td>M16x1,5\u00a0\u00a0\u00a0 10L<\/td>\n<td>10<\/td>\n<td>6<\/td>\n<td>33<\/td>\n<td>19<\/td>\n<\/tr>\n<tr>\n<td>RK-1812-MSTN-L<\/td>\n<td>M18x1,5\u00a0\u00a0\u00a0 12L<\/td>\n<td>12<\/td>\n<td>8<\/td>\n<td>33<\/td>\n<td>22<\/td>\n<\/tr>\n<tr>\n<td>RK-2215-MSTN-L<\/td>\n<td>M22x1,5\u00a0\u00a0\u00a0 15L<\/td>\n<td>15<\/td>\n<td>10<\/td>\n<td>38<\/td>\n<td>27<\/td>\n<\/tr>\n<tr>\n<td>RK-2618-MSTN-L<\/td>\n<td>M26x1,5\u00a0\u00a0\u00a0 18L<\/td>\n<td>18<\/td>\n<td>13<\/td>\n<td>36<\/td>\n<td>32<\/td>\n<\/tr>\n<tr>\n<td>RK-3022-MSTN-L<\/td>\n<td>M30x2\u00a0\u00a0\u00a0\u00a0\u00a0\u00a0 22L<\/td>\n<td>22<\/td>\n<td>17<\/td>\n<td>42<\/td>\n<td>36<\/td>\n<\/tr>\n<tr>\n<td>RK-3628-MSTN-L<\/td>\n<td>M36x2\u00a0\u00a0\u00a0\u00a0\u00a0\u00a0 28L<\/td>\n<td>28<\/td>\n<td>22<\/td>\n<td>46<\/td>\n<td>41<\/td>\n<\/tr>\n<tr>\n<td>RK-4535-MSTN-L<\/td>\n<td>M45x2\u00a0\u00a0\u00a0\u00a0\u00a0\u00a0 35L<\/td>\n<td>35<\/td>\n<td>28<\/td>\n<td>48<\/td>\n<td>50<\/td>\n<\/tr>\n<tr>\n<td>RK-5242-MSTN-L<\/td>\n<td>M52x2\u00a0\u00a0\u00a0\u00a0\u00a0\u00a0 42L<\/td>\n<td>42<\/td>\n<td>34<\/td>\n<td>52<\/td>\n<td>60<\/td>\n<\/tr>\n<tr>\n<td colspan=\"6\"><strong>S T\u0130P\u0130 \/ S TYPE<\/strong><\/td>\n<\/tr>\n<tr>\n<td>RK-1406-MSTN-S<\/td>\n<td>M14x1,5\u00a0\u00a0\u00a0\u00a0\u00a0\u00a0\u00a0 6S<\/td>\n<td>6<\/td>\n<td>3<\/td>\n<td>32<\/td>\n<td>17<\/td>\n<\/tr>\n<tr>\n<td>RK-1608-MSTN-S<\/td>\n<td>M16x1,5\u00a0\u00a0\u00a0\u00a0\u00a0\u00a0\u00a0 8S<\/td>\n<td>8<\/td>\n<td>4<\/td>\n<td>33<\/td>\n<td>19<\/td>\n<\/tr>\n<tr>\n<td>RK-1810-MSTN-S<\/td>\n<td>M18x1,5\u00a0\u00a0\u00a0\u00a0\u00a0 10S<\/td>\n<td>10<\/td>\n<td>6<\/td>\n<td>33<\/td>\n<td>22<\/td>\n<\/tr>\n<tr>\n<td>RK-2012-MSTN-S<\/td>\n<td>M20x1,5\u00a0\u00a0\u00a0\u00a0\u00a0 12S<\/td>\n<td>12<\/td>\n<td>8<\/td>\n<td>36<\/td>\n<td>24<\/td>\n<\/tr>\n<tr>\n<td>RK-2416-MSTN-S<\/td>\n<td>M24x1,5\u00a0\u00a0\u00a0\u00a0\u00a0 16S<\/td>\n<td>16<\/td>\n<td>11<\/td>\n<td>39<\/td>\n<td>30<\/td>\n<\/tr>\n<tr>\n<td>RK-3020-MSTN-S<\/td>\n<td>M30x2\u00a0\u00a0\u00a0\u00a0\u00a0\u00a0\u00a0\u00a0 20S<\/td>\n<td>20<\/td>\n<td>14<\/td>\n<td>44<\/td>\n<td>36<\/td>\n<\/tr>\n<tr>\n<td>RK-3625-MSTN-S<\/td>\n<td>M36x2\u00a0\u00a0\u00a0\u00a0\u00a0\u00a0\u00a0\u00a0 25S<\/td>\n<td>25<\/td>\n<td>18<\/td>\n<td>46<\/td>\n<td>46<\/td>\n<\/tr>\n<tr>\n<td>RK-4230-MSTN-S<\/td>\n<td>M42x2\u00a0\u00a0\u00a0\u00a0\u00a0\u00a0\u00a0\u00a0 30S<\/td>\n<td>30<\/td>\n<td>23<\/td>\n<td>52<\/td>\n<td>50<\/td>\n<\/tr>\n<tr>\n<td>RK-5238-MSTN-S<\/td>\n<td>M52x2\u00a0\u00a0\u00a0\u00a0\u00a0\u00a0\u00a0\u00a0 38S<\/td>\n<td>38<\/td>\n<td>30<\/td>\n<td>52<\/td>\n<td>60<\/td>\n<\/tr>\n<\/tbody>\n<\/table>\n","protected":false},"featured_media":6997,"template":"","meta":[],"product_cat":[47,112],"product_tag":[216,224,229,228,232,231,230,244,243,206,225],"class_list":{"0":"post-6996","1":"product","2":"type-product","3":"status-publish","4":"has-post-thumbnail","6":"product_cat-tum-urunleri","7":"product_cat-hidrolik-rekorlar","8":"product_tag-hidrolik","9":"product_tag-hidrolik-rekor","10":"product_tag-m14","11":"product_tag-m16","12":"product_tag-m18","13":"product_tag-m22","14":"product_tag-m30","15":"product_tag-m45","16":"product_tag-m52","17":"product_tag-rekor","18":"product_tag-rekorsan","20":"first","21":"instock","22":"shipping-taxable","23":"product-type-simple"},"_links":{"self":[{"href":"https:\/\/novahidrolik.com.tr\/index.php\/wp-json\/wp\/v2\/product\/6996","targetHints":{"allow":["GET"]}}],"collection":[{"href":"https:\/\/novahidrolik.com.tr\/index.php\/wp-json\/wp\/v2\/product"}],"about":[{"href":"https:\/\/novahidrolik.com.tr\/index.php\/wp-json\/wp\/v2\/types\/product"}],"version-history":[{"count":0,"href":"https:\/\/novahidrolik.com.tr\/index.php\/wp-json\/wp\/v2\/product\/6996\/revisions"}],"wp:featuredmedia":[{"embeddable":true,"href":"https:\/\/novahidrolik.com.tr\/index.php\/wp-json\/wp\/v2\/media\/6997"}],"wp:attachment":[{"href":"https:\/\/novahidrolik.com.tr\/index.php\/wp-json\/wp\/v2\/media?parent=6996"}],"wp:term":[{"taxonomy":"product_cat","embeddable":true,"href":"https:\/\/novahidrolik.com.tr\/index.php\/wp-json\/wp\/v2\/product_cat?post=6996"},{"taxonomy":"product_tag","embeddable":true,"href":"https:\/\/novahidrolik.com.tr\/index.php\/wp-json\/wp\/v2\/product_tag?post=6996"}],"curies":[{"name":"wp","href":"https:\/\/api.w.org\/{rel}","templated":true}]}}