{"id":7114,"date":"2022-01-17T13:59:50","date_gmt":"2022-01-17T10:59:50","guid":{"rendered":"https:\/\/novahidrolik.com.tr\/?post_type=product&#038;p=7114"},"modified":"2022-01-17T13:59:50","modified_gmt":"2022-01-17T10:59:50","slug":"metrik-pfx-kortapa","status":"publish","type":"product","link":"https:\/\/novahidrolik.com.tr\/index.php\/urun\/metrik-pfx-kortapa\/","title":{"rendered":"METR\u0130K PFX K\u00d6RTAPA"},"content":{"rendered":"","protected":false},"excerpt":{"rendered":"<table class=\"table table-striped\" cellspacing=\"0\">\n<tbody>\n<tr>\n<td colspan=\"5\"><strong>METR\u0130K PFX K\u00d6RTAPA<\/strong><br \/>\nMALE METRIC THREAD WITH ELASTOMERIC SEAL (EXT. HEX)<\/td>\n<\/tr>\n<tr>\n<td><strong>MALZEME KODU<\/strong><br \/>\nMATERIAL CODE<\/td>\n<td><strong>D\u0130\u015e \u00d6L\u00c7\u00dcS\u00dc<\/strong><br \/>\nTHREAD SIZE<br \/>\nT1<\/td>\n<td><strong>B<\/strong><\/td>\n<td><strong>C<\/strong><\/td>\n<td><strong>AA<\/strong><\/td>\n<\/tr>\n<tr>\n<td>RK-1215-MKT<\/td>\n<td>M12x1,5<\/td>\n<td>20<\/td>\n<td>12<\/td>\n<td>17<\/td>\n<\/tr>\n<tr>\n<td>RK-1415-MKT<\/td>\n<td>M14x1,5<\/td>\n<td>20<\/td>\n<td>12<\/td>\n<td>19<\/td>\n<\/tr>\n<tr>\n<td>RK-1615-MKT<\/td>\n<td>M16x1,5<\/td>\n<td>22<\/td>\n<td>12<\/td>\n<td>22<\/td>\n<\/tr>\n<tr>\n<td>RK-1815-MKT<\/td>\n<td>M18x1,5<\/td>\n<td>23<\/td>\n<td>12<\/td>\n<td>24<\/td>\n<\/tr>\n<tr>\n<td>RK-2015-MKT<\/td>\n<td>M20x1,5<\/td>\n<td>25<\/td>\n<td>14<\/td>\n<td>27<\/td>\n<\/tr>\n<tr>\n<td>RK-2215-MKT<\/td>\n<td>M22x1,5<\/td>\n<td>26<\/td>\n<td>14<\/td>\n<td>27<\/td>\n<\/tr>\n<tr>\n<td>RK-2415-MKT<\/td>\n<td>M24x1,5 (PUL SIKMALI \/ METAL SEAL)<\/td>\n<td>22.5<\/td>\n<td>13<\/td>\n<td>30<\/td>\n<\/tr>\n<tr>\n<td>RK-2615-MKT<\/td>\n<td>M26x1,5<\/td>\n<td>29<\/td>\n<td>16<\/td>\n<td>32<\/td>\n<\/tr>\n<tr>\n<td>RK-3020-MKT<\/td>\n<td>M30x2 (PUL SIKMALI \/ METAL SEAL)<\/td>\n<td>27<\/td>\n<td>16<\/td>\n<td>36<\/td>\n<\/tr>\n<\/tbody>\n<\/table>\n","protected":false},"featured_media":7112,"template":"","meta":[],"product_cat":[47,112],"product_tag":[216,224,226,229,228,232,231,230,206,225],"class_list":{"0":"post-7114","1":"product","2":"type-product","3":"status-publish","4":"has-post-thumbnail","6":"product_cat-tum-urunleri","7":"product_cat-hidrolik-rekorlar","8":"product_tag-hidrolik","9":"product_tag-hidrolik-rekor","10":"product_tag-m12","11":"product_tag-m14","12":"product_tag-m16","13":"product_tag-m18","14":"product_tag-m22","15":"product_tag-m30","16":"product_tag-rekor","17":"product_tag-rekorsan","19":"first","20":"instock","21":"shipping-taxable","22":"product-type-simple"},"_links":{"self":[{"href":"https:\/\/novahidrolik.com.tr\/index.php\/wp-json\/wp\/v2\/product\/7114","targetHints":{"allow":["GET"]}}],"collection":[{"href":"https:\/\/novahidrolik.com.tr\/index.php\/wp-json\/wp\/v2\/product"}],"about":[{"href":"https:\/\/novahidrolik.com.tr\/index.php\/wp-json\/wp\/v2\/types\/product"}],"version-history":[{"count":0,"href":"https:\/\/novahidrolik.com.tr\/index.php\/wp-json\/wp\/v2\/product\/7114\/revisions"}],"wp:featuredmedia":[{"embeddable":true,"href":"https:\/\/novahidrolik.com.tr\/index.php\/wp-json\/wp\/v2\/media\/7112"}],"wp:attachment":[{"href":"https:\/\/novahidrolik.com.tr\/index.php\/wp-json\/wp\/v2\/media?parent=7114"}],"wp:term":[{"taxonomy":"product_cat","embeddable":true,"href":"https:\/\/novahidrolik.com.tr\/index.php\/wp-json\/wp\/v2\/product_cat?post=7114"},{"taxonomy":"product_tag","embeddable":true,"href":"https:\/\/novahidrolik.com.tr\/index.php\/wp-json\/wp\/v2\/product_tag?post=7114"}],"curies":[{"name":"wp","href":"https:\/\/api.w.org\/{rel}","templated":true}]}}