{"id":7118,"date":"2022-01-17T14:01:55","date_gmt":"2022-01-17T11:01:55","guid":{"rendered":"https:\/\/novahidrolik.com.tr\/?post_type=product&#038;p=7118"},"modified":"2022-01-17T14:01:56","modified_gmt":"2022-01-17T11:01:56","slug":"bsp-kortapa","status":"publish","type":"product","link":"https:\/\/novahidrolik.com.tr\/index.php\/urun\/bsp-kortapa\/","title":{"rendered":"BSP K\u00d6RTAPA"},"content":{"rendered":"","protected":false},"excerpt":{"rendered":"<table class=\"table table-striped\" cellspacing=\"0\">\n<tbody>\n<tr>\n<td colspan=\"5\"><strong>BSP K\u00d6RTAPA<\/strong><br \/>\nMALE BSP THREAD &#8211; METAL SEALING EDGE (EXT. HEX)<\/td>\n<\/tr>\n<tr>\n<td><strong>MALZEME KODU<\/strong><br \/>\nMATERIAL CODE<\/td>\n<td><strong>D\u0130\u015e \u00d6L\u00c7\u00dcS\u00dc<\/strong><br \/>\nTHREAD SIZE<br \/>\nT1<\/td>\n<td><strong>B<\/strong><\/td>\n<td><strong>C<\/strong><\/td>\n<td><strong>AA<\/strong><\/td>\n<\/tr>\n<tr>\n<td>RK-1028-RT<\/td>\n<td>R1\/8-28<\/td>\n<td>13.5<\/td>\n<td>8<\/td>\n<td>14<\/td>\n<\/tr>\n<tr>\n<td>RK-1319-RT<\/td>\n<td>R1\/4-19<\/td>\n<td>17<\/td>\n<td>10<\/td>\n<td>19<\/td>\n<\/tr>\n<tr>\n<td>RK-1719-RT<\/td>\n<td>R3\/8-19<\/td>\n<td>17.5<\/td>\n<td>11<\/td>\n<td>22<\/td>\n<\/tr>\n<tr>\n<td>RK-2114-RT<\/td>\n<td>R1\/2-14<\/td>\n<td>21<\/td>\n<td>12<\/td>\n<td>27<\/td>\n<\/tr>\n<tr>\n<td>RK-2614-RT<\/td>\n<td>R3\/4-14<\/td>\n<td>25<\/td>\n<td>15<\/td>\n<td>32<\/td>\n<\/tr>\n<tr>\n<td>RK-3311-RT<\/td>\n<td>R1&#8243;-11<\/td>\n<td>28<\/td>\n<td>17<\/td>\n<td>41<\/td>\n<\/tr>\n<tr>\n<td>RK-4211-RT<\/td>\n<td>R1&#8243;1\/4-11<\/td>\n<td>33<\/td>\n<td>20<\/td>\n<td>50<\/td>\n<\/tr>\n<tr>\n<td>RK-4811-RT<\/td>\n<td>R1&#8243;1\/2-11<\/td>\n<td>37<\/td>\n<td>22<\/td>\n<td>55<\/td>\n<\/tr>\n<\/tbody>\n<\/table>\n","protected":false},"featured_media":7120,"template":"","meta":[],"product_cat":[47,112],"product_tag":[161,151,150,175,174,216,224,206,225],"class_list":{"0":"post-7118","1":"product","2":"type-product","3":"status-publish","4":"has-post-thumbnail","6":"product_cat-tum-urunleri","7":"product_cat-hidrolik-rekorlar","8":"product_tag-1-2","9":"product_tag-1-4","10":"product_tag-1-8","11":"product_tag-3-4","12":"product_tag-3-8","13":"product_tag-hidrolik","14":"product_tag-hidrolik-rekor","15":"product_tag-rekor","16":"product_tag-rekorsan","18":"first","19":"instock","20":"shipping-taxable","21":"product-type-simple"},"_links":{"self":[{"href":"https:\/\/novahidrolik.com.tr\/index.php\/wp-json\/wp\/v2\/product\/7118","targetHints":{"allow":["GET"]}}],"collection":[{"href":"https:\/\/novahidrolik.com.tr\/index.php\/wp-json\/wp\/v2\/product"}],"about":[{"href":"https:\/\/novahidrolik.com.tr\/index.php\/wp-json\/wp\/v2\/types\/product"}],"version-history":[{"count":0,"href":"https:\/\/novahidrolik.com.tr\/index.php\/wp-json\/wp\/v2\/product\/7118\/revisions"}],"wp:featuredmedia":[{"embeddable":true,"href":"https:\/\/novahidrolik.com.tr\/index.php\/wp-json\/wp\/v2\/media\/7120"}],"wp:attachment":[{"href":"https:\/\/novahidrolik.com.tr\/index.php\/wp-json\/wp\/v2\/media?parent=7118"}],"wp:term":[{"taxonomy":"product_cat","embeddable":true,"href":"https:\/\/novahidrolik.com.tr\/index.php\/wp-json\/wp\/v2\/product_cat?post=7118"},{"taxonomy":"product_tag","embeddable":true,"href":"https:\/\/novahidrolik.com.tr\/index.php\/wp-json\/wp\/v2\/product_tag?post=7118"}],"curies":[{"name":"wp","href":"https:\/\/api.w.org\/{rel}","templated":true}]}}