{"id":7126,"date":"2022-01-17T14:37:06","date_gmt":"2022-01-17T11:37:06","guid":{"rendered":"https:\/\/novahidrolik.com.tr\/?post_type=product&#038;p=7126"},"modified":"2022-01-17T14:37:06","modified_gmt":"2022-01-17T11:37:06","slug":"alcak-su-basinc-su-hortumu","status":"publish","type":"product","link":"https:\/\/novahidrolik.com.tr\/index.php\/urun\/alcak-su-basinc-su-hortumu\/","title":{"rendered":"AL\u00c7AK SU BASIN\u00c7 SU HORTUMU"},"content":{"rendered":"<p><strong>Alt Kat :<\/strong>\u00a0\u00a0\u00a0\u00a0\u00a0\u00a0\u00a0\u00a0\u00a0\u00a0\u00a0\u00a0\u00a0\u00a0\u00a0\u00a0\u00a0\u00a0\u00a0\u00a0\u00a0\u00a0\u00a0\u00a0\u00a0\u00a0Tabii ve sentetik kau\u00e7uk<br \/>\n<strong>Takviye : \u00a0<\/strong>\u00a0\u00a0\u00a0\u00a0\u00a0\u00a0\u00a0\u00a0\u00a0\u00a0\u00a0\u00a0\u00a0\u00a0\u00a0\u00a0\u00a0\u00a0\u00a0\u00a0\u00a0\u00a0\u00a0Y\u00fcksek mukavemetli sentetik tekstil<br \/>\n<strong>\u00dcst Kat : \u00a0<\/strong>\u00a0\u00a0\u00a0\u00a0\u00a0\u00a0\u00a0\u00a0\u00a0\u00a0\u00a0\u00a0\u00a0\u00a0\u00a0\u00a0\u00a0\u00a0\u00a0\u00a0\u00a0\u00a0\u00a0\u00a0Her t\u00fcrl\u00fc hava \u015fartlar\u0131na dayan\u0131kl\u0131 sentetik kau\u00e7uk<\/p>\n<p><strong><img loading=\"lazy\" decoding=\"async\" src=\"https:\/\/www.asilhortum.com.tr\/hortumlar\/su-hortumu\/calisma-derecesi.jpg\" width=\"132\" height=\"35\" \/>\u00a0-25 \u00baC \/ +70 \u00baC<\/strong><\/p>\n","protected":false},"excerpt":{"rendered":"<table class=\"table table-hover\">\n<tbody>\n<tr>\n<td colspan=\"2\" bgcolor=\"#CCCCCC\">\n<h6>\u0130\u00e7 \u00c7ap<\/h6>\n<\/td>\n<td bgcolor=\"#CCCCCC\">\n<h6>D\u0131\u015f \u00c7ap<\/h6>\n<\/td>\n<td bgcolor=\"#CCCCCC\">\n<h6>\u00c7al\u0131\u015fma\u00a0Bas\u0131nc\u0131<\/h6>\n<\/td>\n<td bgcolor=\"#CCCCCC\">\n<h6>Patlama Bas\u0131nc\u0131<\/h6>\n<\/td>\n<\/tr>\n<tr>\n<td bgcolor=\"#CCCCCC\">\n<h6 class=\"style84\" align=\"center\">\u0130nch<\/h6>\n<\/td>\n<td bgcolor=\"#CCCCCC\">\n<h6 class=\"style84\" align=\"center\">mm<\/h6>\n<\/td>\n<td bgcolor=\"#CCCCCC\">\n<h6 class=\"style84\" align=\"center\">mm<\/h6>\n<\/td>\n<td bgcolor=\"#CCCCCC\">\n<h6 class=\"style84\" align=\"center\">Bar<\/h6>\n<\/td>\n<td bgcolor=\"#CCCCCC\">\n<h6 class=\"style84\" align=\"center\">Bar<\/h6>\n<\/td>\n<\/tr>\n<tr>\n<td>\n<h6 class=\"style84\" align=\"center\"><strong>1\/2<\/strong><\/h6>\n<\/td>\n<td>\n<h6 class=\"style84\" align=\"center\"><strong>12.7<\/strong><\/h6>\n<\/td>\n<td>\n<div class=\"style97\" align=\"center\">20<\/div>\n<\/td>\n<td>\n<div class=\"style97\" align=\"center\">6<\/div>\n<\/td>\n<td>\n<div class=\"style97\" align=\"center\">18<\/div>\n<\/td>\n<\/tr>\n<tr>\n<td>\n<h6 class=\"style84\" align=\"center\"><strong>5\/8<\/strong><\/h6>\n<\/td>\n<td>\n<h6 class=\"style84\" align=\"center\"><strong>16<\/strong><\/h6>\n<\/td>\n<td>\n<div class=\"style97\" align=\"center\">23<\/div>\n<\/td>\n<td>\n<div class=\"style97\" align=\"center\">6<\/div>\n<\/td>\n<td>\n<div class=\"style97\" align=\"center\">18<\/div>\n<\/td>\n<\/tr>\n<tr>\n<td>\n<h6 class=\"style84\" align=\"center\"><strong>3\/4<\/strong><\/h6>\n<\/td>\n<td>\n<h6 class=\"style84\" align=\"center\"><strong>19<\/strong><\/h6>\n<\/td>\n<td>\n<div class=\"style97\" align=\"center\">26<\/div>\n<\/td>\n<td>\n<div class=\"style97\" align=\"center\">6<\/div>\n<\/td>\n<td>\n<div class=\"style97\" align=\"center\">18<\/div>\n<\/td>\n<\/tr>\n<tr>\n<td>\n<h6 class=\"style84\" align=\"center\"><strong>1&#8243;<\/strong><\/h6>\n<\/td>\n<td>\n<h6 class=\"style84\" align=\"center\"><strong>25.4<\/strong><\/h6>\n<\/td>\n<td>\n<div class=\"style97\" align=\"center\">33<\/div>\n<\/td>\n<td>\n<div class=\"style97\" align=\"center\">6<\/div>\n<\/td>\n<td>\n<div class=\"style97\" align=\"center\">18<\/div>\n<\/td>\n<\/tr>\n<tr>\n<td>\n<h6 class=\"style84\" align=\"center\"><strong>1 1\/4<\/strong><\/h6>\n<\/td>\n<td>\n<h6 class=\"style84\" align=\"center\"><strong>32<\/strong><\/h6>\n<\/td>\n<td>\n<div class=\"style97\" align=\"center\">40<\/div>\n<\/td>\n<td>\n<div class=\"style97\" align=\"center\">6<\/div>\n<\/td>\n<td>\n<div class=\"style97\" align=\"center\">18<\/div>\n<\/td>\n<\/tr>\n<tr>\n<td>\n<h6 class=\"style84\" align=\"center\"><strong>1 1\/2<\/strong><\/h6>\n<\/td>\n<td>\n<h6 class=\"style84\" align=\"center\"><strong>38<\/strong><\/h6>\n<\/td>\n<td>\n<div class=\"style97\" align=\"center\">46<\/div>\n<\/td>\n<td>\n<div class=\"style97\" align=\"center\">6<\/div>\n<\/td>\n<td>\n<div class=\"style97\" align=\"center\">18<\/div>\n<\/td>\n<\/tr>\n<tr>\n<td>\n<h6 class=\"style84\" align=\"center\"><strong>1 3\/4<\/strong><\/h6>\n<\/td>\n<td>\n<h6 class=\"style84\" align=\"center\"><strong>44.5<\/strong><\/h6>\n<\/td>\n<td>\n<div class=\"style97\" align=\"center\">53<\/div>\n<\/td>\n<td>\n<div class=\"style97\" align=\"center\">6<\/div>\n<\/td>\n<td>\n<div class=\"style97\" align=\"center\">18<\/div>\n<\/td>\n<\/tr>\n<tr>\n<td>\n<h6 align=\"center\"><strong><span class=\"style84\">2&#8243;<\/span><\/strong><\/h6>\n<\/td>\n<td>\n<h6 align=\"center\"><strong><span class=\"style84\">51<\/span><\/strong><\/h6>\n<\/td>\n<td>\n<div class=\"style97\" align=\"center\">60<\/div>\n<\/td>\n<td>\n<div class=\"style97\" align=\"center\">6<\/div>\n<\/td>\n<td>\n<div class=\"style97\" align=\"center\">18<\/div>\n<\/td>\n<\/tr>\n<tr>\n<td>\n<h6 align=\"center\"><strong><span class=\"style84\">2 1\/2<\/span><\/strong><\/h6>\n<\/td>\n<td>\n<h6 align=\"center\"><strong><span class=\"style84\">63.5<\/span><\/strong><\/h6>\n<\/td>\n<td>\n<div class=\"style97\" align=\"center\">73<\/div>\n<\/td>\n<td>\n<div class=\"style97\" align=\"center\">6<\/div>\n<\/td>\n<td>\n<div class=\"style97\" align=\"center\">18<\/div>\n<\/td>\n<\/tr>\n<tr>\n<td>\n<h6 align=\"center\"><strong><span class=\"style84\">2 3\/4<\/span><\/strong><\/h6>\n<\/td>\n<td>\n<h6 align=\"center\"><strong><span class=\"style84\">70<\/span><\/strong><\/h6>\n<\/td>\n<td>\n<div class=\"style97\" align=\"center\">80<\/div>\n<\/td>\n<td>\n<div class=\"style97\" align=\"center\">6<\/div>\n<\/td>\n<td>\n<div class=\"style97\" align=\"center\">18<\/div>\n<\/td>\n<\/tr>\n<tr>\n<td>\n<h6 align=\"center\"><strong><span class=\"style84\">3&#8243;<\/span><\/strong><\/h6>\n<\/td>\n<td>\n<h6 align=\"center\"><strong><span class=\"style84\">76.2<\/span><\/strong><\/h6>\n<\/td>\n<td>\n<div class=\"style97\" align=\"center\">86<\/div>\n<\/td>\n<td>\n<div class=\"style97\" align=\"center\">6<\/div>\n<\/td>\n<td>\n<div class=\"style97\" align=\"center\">18<\/div>\n<\/td>\n<\/tr>\n<tr>\n<td>\n<h6 align=\"center\"><strong><span class=\"style84\">4&#8243;<\/span><\/strong><\/h6>\n<\/td>\n<td>\n<h6 align=\"center\"><strong><span class=\"style84\">101.6<\/span><\/strong><\/h6>\n<\/td>\n<td>\n<div class=\"style97\" align=\"center\">112<\/div>\n<\/td>\n<td>\n<div class=\"style97\" align=\"center\">6<\/div>\n<\/td>\n<td>\n<div class=\"style97\" align=\"center\">18<\/div>\n<\/td>\n<\/tr>\n<tr>\n<td>\n<h6 align=\"center\"><strong><span class=\"style84\">5&#8243;<\/span><\/strong><\/h6>\n<\/td>\n<td>\n<h6 align=\"center\"><strong><span class=\"style84\">127<\/span><\/strong><\/h6>\n<\/td>\n<td>\n<div class=\"style97\" align=\"center\">139<\/div>\n<\/td>\n<td>\n<div class=\"style97\" align=\"center\">6<\/div>\n<\/td>\n<td>\n<div class=\"style97\" align=\"center\">18<\/div>\n<\/td>\n<\/tr>\n<tr>\n<td>\n<h6 align=\"center\"><strong><span class=\"style84\">6&#8243;<\/span><\/strong><\/h6>\n<\/td>\n<td>\n<h6 align=\"center\"><strong><span class=\"style84\">152.4<\/span><\/strong><\/h6>\n<\/td>\n<td>\n<div class=\"style97\" align=\"center\">165<\/div>\n<\/td>\n<td>\n<div class=\"style97\" align=\"center\">6<\/div>\n<\/td>\n<td>\n<div class=\"style97\" align=\"center\">18<\/div>\n<\/td>\n<\/tr>\n<tr>\n<td>\n<h6 align=\"center\"><strong><span class=\"style84\">8&#8243;<\/span><\/strong><\/h6>\n<\/td>\n<td>\n<h6 align=\"center\"><strong><span class=\"style84\">203.2<\/span><\/strong><\/h6>\n<\/td>\n<td>\n<div class=\"style97\" align=\"center\">218<\/div>\n<\/td>\n<td>\n<div class=\"style97\" align=\"center\">6<\/div>\n<\/td>\n<td>\n<div class=\"style97\" align=\"center\">18<\/div>\n<\/td>\n<\/tr>\n<tr>\n<td>\n<h6 align=\"center\"><strong><span class=\"style84\">10&#8243;<\/span><\/strong><\/h6>\n<\/td>\n<td>\n<h6 align=\"center\"><strong><span class=\"style84\">254<\/span><\/strong><\/h6>\n<\/td>\n<td>\n<div class=\"style97\" align=\"center\">270<\/div>\n<\/td>\n<td>\n<div class=\"style97\" align=\"center\">6<\/div>\n<\/td>\n<td>\n<div class=\"style97\" align=\"center\">18<\/div>\n<\/td>\n<\/tr>\n<\/tbody>\n<\/table>\n","protected":false},"featured_media":7129,"template":"","meta":[],"product_cat":[47,108,111],"product_tag":[161,262,263,175,260,261],"class_list":{"0":"post-7126","1":"product","2":"type-product","3":"status-publish","4":"has-post-thumbnail","6":"product_cat-tum-urunleri","7":"product_cat-hidrolik-hortum","8":"product_cat-su-hortumlari","9":"product_tag-1-2","10":"product_tag-262","11":"product_tag-18-bar","12":"product_tag-3-4","13":"product_tag-hidrolik-hortum","14":"product_tag-hortum","16":"first","17":"instock","18":"shipping-taxable","19":"product-type-simple"},"_links":{"self":[{"href":"https:\/\/novahidrolik.com.tr\/index.php\/wp-json\/wp\/v2\/product\/7126","targetHints":{"allow":["GET"]}}],"collection":[{"href":"https:\/\/novahidrolik.com.tr\/index.php\/wp-json\/wp\/v2\/product"}],"about":[{"href":"https:\/\/novahidrolik.com.tr\/index.php\/wp-json\/wp\/v2\/types\/product"}],"version-history":[{"count":0,"href":"https:\/\/novahidrolik.com.tr\/index.php\/wp-json\/wp\/v2\/product\/7126\/revisions"}],"wp:featuredmedia":[{"embeddable":true,"href":"https:\/\/novahidrolik.com.tr\/index.php\/wp-json\/wp\/v2\/media\/7129"}],"wp:attachment":[{"href":"https:\/\/novahidrolik.com.tr\/index.php\/wp-json\/wp\/v2\/media?parent=7126"}],"wp:term":[{"taxonomy":"product_cat","embeddable":true,"href":"https:\/\/novahidrolik.com.tr\/index.php\/wp-json\/wp\/v2\/product_cat?post=7126"},{"taxonomy":"product_tag","embeddable":true,"href":"https:\/\/novahidrolik.com.tr\/index.php\/wp-json\/wp\/v2\/product_tag?post=7126"}],"curies":[{"name":"wp","href":"https:\/\/api.w.org\/{rel}","templated":true}]}}