{"id":7171,"date":"2022-01-17T15:38:19","date_gmt":"2022-01-17T12:38:19","guid":{"rendered":"https:\/\/novahidrolik.com.tr\/?post_type=product&#038;p=7171"},"modified":"2022-01-17T15:38:20","modified_gmt":"2022-01-17T12:38:20","slug":"sari-orantili-nipel","status":"publish","type":"product","link":"https:\/\/novahidrolik.com.tr\/index.php\/urun\/sari-orantili-nipel\/","title":{"rendered":"Sar\u0131 Orant\u0131l\u0131 Nipel"},"content":{"rendered":"","protected":false},"excerpt":{"rendered":"<h3 style=\"text-align: center\">Sar\u0131 Orant\u0131l\u0131 Nipel<\/h3>\n<h5 style=\"text-align: center\">1\/4 x 1\/8<\/h5>\n<h5 style=\"text-align: center\">3\/8 x 1\/8<\/h5>\n<h5 style=\"text-align: center\">3\/8 x 1\/4<\/h5>\n<h5 style=\"text-align: center\">1\/2 x 1\/8<\/h5>\n<h5 style=\"text-align: center\">1\/2 x 1\/4<\/h5>\n<h5 style=\"text-align: center\">1\/2 x 3\/8<\/h5>\n<h5 style=\"text-align: center\">3\/4 x 1\/4<\/h5>\n<h5 style=\"text-align: center\">3\/4 x 3\/8<\/h5>\n<h5 style=\"text-align: center\">3\/4 x 1\/2<\/h5>\n<h5 style=\"text-align: center\">1 x 1\/2<\/h5>\n<h5 style=\"text-align: center\">1 x 3\/4<\/h5>\n<h5 style=\"text-align: center\">1 1\/4 x 3\/4<\/h5>\n<h5 style=\"text-align: center\">1 1\/4 x 1<\/h5>\n<h5 style=\"text-align: center\">1 1\/2 x 1<\/h5>\n<h5 style=\"text-align: center\">1 1\/2 x 1 1\/4<\/h5>\n<h5 style=\"text-align: center\">2 x 1<\/h5>\n<h5 style=\"text-align: center\">2 x 1 1\/4<\/h5>\n<h5 style=\"text-align: center\">2 x 1 1\/2<\/h5>\n","protected":false},"featured_media":7184,"template":"","meta":[],"product_cat":[47,113],"product_tag":[267,285,268,286,266,269],"class_list":{"0":"post-7171","1":"product","2":"type-product","3":"status-publish","4":"has-post-thumbnail","6":"product_cat-tum-urunleri","7":"product_cat-pirinc-baglanti-rekorlari","8":"product_tag-bursa-pirinc-baglanti","9":"product_tag-bursa-sari-orantili-nipel","10":"product_tag-nova-pirinc-baglanti","11":"product_tag-pirinc-orantili-nipel","12":"product_tag-pirincler","13":"product_tag-sari-baglanti","15":"first","16":"instock","17":"shipping-taxable","18":"product-type-simple"},"_links":{"self":[{"href":"https:\/\/novahidrolik.com.tr\/index.php\/wp-json\/wp\/v2\/product\/7171","targetHints":{"allow":["GET"]}}],"collection":[{"href":"https:\/\/novahidrolik.com.tr\/index.php\/wp-json\/wp\/v2\/product"}],"about":[{"href":"https:\/\/novahidrolik.com.tr\/index.php\/wp-json\/wp\/v2\/types\/product"}],"version-history":[{"count":0,"href":"https:\/\/novahidrolik.com.tr\/index.php\/wp-json\/wp\/v2\/product\/7171\/revisions"}],"wp:featuredmedia":[{"embeddable":true,"href":"https:\/\/novahidrolik.com.tr\/index.php\/wp-json\/wp\/v2\/media\/7184"}],"wp:attachment":[{"href":"https:\/\/novahidrolik.com.tr\/index.php\/wp-json\/wp\/v2\/media?parent=7171"}],"wp:term":[{"taxonomy":"product_cat","embeddable":true,"href":"https:\/\/novahidrolik.com.tr\/index.php\/wp-json\/wp\/v2\/product_cat?post=7171"},{"taxonomy":"product_tag","embeddable":true,"href":"https:\/\/novahidrolik.com.tr\/index.php\/wp-json\/wp\/v2\/product_tag?post=7171"}],"curies":[{"name":"wp","href":"https:\/\/api.w.org\/{rel}","templated":true}]}}