{"id":7422,"date":"2022-01-18T12:46:57","date_gmt":"2022-01-18T09:46:57","guid":{"rendered":"https:\/\/novahidrolik.com.tr\/?post_type=product&#038;p=7422"},"modified":"2022-01-18T12:46:58","modified_gmt":"2022-01-18T09:46:58","slug":"tn-serisi-cift-milli-silindir","status":"publish","type":"product","link":"https:\/\/novahidrolik.com.tr\/index.php\/urun\/tn-serisi-cift-milli-silindir\/","title":{"rendered":"TN SER\u0130S\u0130 \u00c7\u0130FT M\u0130LL\u0130 S\u0130L\u0130ND\u0130R"},"content":{"rendered":"","protected":false},"excerpt":{"rendered":"","protected":false},"featured_media":7423,"template":"","meta":[],"product_cat":[47,73,74],"product_tag":[360,144,145,359],"class_list":{"0":"post-7422","1":"product","2":"type-product","3":"status-publish","4":"has-post-thumbnail","6":"product_cat-tum-urunleri","7":"product_cat-pnomatik","8":"product_cat-silindirler","9":"product_tag-cift-milli-silindir","10":"product_tag-jelpc","11":"product_tag-jelpcbursa","12":"product_tag-tn","14":"first","15":"instock","16":"shipping-taxable","17":"product-type-simple"},"_links":{"self":[{"href":"https:\/\/novahidrolik.com.tr\/index.php\/wp-json\/wp\/v2\/product\/7422","targetHints":{"allow":["GET"]}}],"collection":[{"href":"https:\/\/novahidrolik.com.tr\/index.php\/wp-json\/wp\/v2\/product"}],"about":[{"href":"https:\/\/novahidrolik.com.tr\/index.php\/wp-json\/wp\/v2\/types\/product"}],"version-history":[{"count":0,"href":"https:\/\/novahidrolik.com.tr\/index.php\/wp-json\/wp\/v2\/product\/7422\/revisions"}],"wp:featuredmedia":[{"embeddable":true,"href":"https:\/\/novahidrolik.com.tr\/index.php\/wp-json\/wp\/v2\/media\/7423"}],"wp:attachment":[{"href":"https:\/\/novahidrolik.com.tr\/index.php\/wp-json\/wp\/v2\/media?parent=7422"}],"wp:term":[{"taxonomy":"product_cat","embeddable":true,"href":"https:\/\/novahidrolik.com.tr\/index.php\/wp-json\/wp\/v2\/product_cat?post=7422"},{"taxonomy":"product_tag","embeddable":true,"href":"https:\/\/novahidrolik.com.tr\/index.php\/wp-json\/wp\/v2\/product_tag?post=7422"}],"curies":[{"name":"wp","href":"https:\/\/api.w.org\/{rel}","templated":true}]}}