{"id":7476,"date":"2022-01-18T13:56:03","date_gmt":"2022-01-18T10:56:03","guid":{"rendered":"https:\/\/novahidrolik.com.tr\/?post_type=product&#038;p=7476"},"modified":"2022-01-18T14:09:48","modified_gmt":"2022-01-18T11:09:48","slug":"ng6-hidrolik-valf","status":"publish","type":"product","link":"https:\/\/novahidrolik.com.tr\/index.php\/urun\/ng6-hidrolik-valf\/","title":{"rendered":"NG6 Hidrolik Valfler"},"content":{"rendered":"","protected":false},"excerpt":{"rendered":"<p style=\"text-align: left\"><strong>1\/4\u00a0 Tek Bobin Valf<\/strong><\/p>\n<p style=\"text-align: left\"><strong>1\/4\u00a0 \u00a0Tek Bobin H\u00a0 Merkez<\/strong><\/p>\n<p style=\"text-align: left\"><strong>1\/4\u00a0 \u00a0 A\u00e7\u0131k Merkez \u00c7ift Bobin<\/strong><\/p>\n<p style=\"text-align: left\"><strong>1\/4\u00a0 \u00a0 \u00a0Kapal\u0131 Merkez \u00c7ift Bobin<\/strong><\/p>\n<p style=\"text-align: left\"><strong>1\/4\u00a0 \u00a0 \u00a0H Merkez \u00c7ift Bobin<\/strong><\/p>\n<p style=\"text-align: left\"><strong>1\/4\u00a0 \u00a0 \u00a0Ab Tank \u00c7ift Bobin<\/strong><\/p>\n<p style=\"text-align: left\">\n","protected":false},"featured_media":7480,"template":"","meta":[],"product_cat":[47,86,88],"product_tag":[151,391,390,216,363,389,392,142],"class_list":{"0":"post-7476","1":"product","2":"type-product","3":"status-publish","4":"has-post-thumbnail","6":"product_cat-tum-urunleri","7":"product_cat-hidrolik","8":"product_cat-valfler-hidrolik","9":"product_tag-1-4","10":"product_tag-cift-bobin","11":"product_tag-h-merkez","12":"product_tag-hidrolik","13":"product_tag-hidrolik-valf","14":"product_tag-ng6","15":"product_tag-tek-bobin","16":"product_tag-valf","18":"first","19":"instock","20":"shipping-taxable","21":"product-type-simple"},"_links":{"self":[{"href":"https:\/\/novahidrolik.com.tr\/index.php\/wp-json\/wp\/v2\/product\/7476","targetHints":{"allow":["GET"]}}],"collection":[{"href":"https:\/\/novahidrolik.com.tr\/index.php\/wp-json\/wp\/v2\/product"}],"about":[{"href":"https:\/\/novahidrolik.com.tr\/index.php\/wp-json\/wp\/v2\/types\/product"}],"version-history":[{"count":0,"href":"https:\/\/novahidrolik.com.tr\/index.php\/wp-json\/wp\/v2\/product\/7476\/revisions"}],"wp:featuredmedia":[{"embeddable":true,"href":"https:\/\/novahidrolik.com.tr\/index.php\/wp-json\/wp\/v2\/media\/7480"}],"wp:attachment":[{"href":"https:\/\/novahidrolik.com.tr\/index.php\/wp-json\/wp\/v2\/media?parent=7476"}],"wp:term":[{"taxonomy":"product_cat","embeddable":true,"href":"https:\/\/novahidrolik.com.tr\/index.php\/wp-json\/wp\/v2\/product_cat?post=7476"},{"taxonomy":"product_tag","embeddable":true,"href":"https:\/\/novahidrolik.com.tr\/index.php\/wp-json\/wp\/v2\/product_tag?post=7476"}],"curies":[{"name":"wp","href":"https:\/\/api.w.org\/{rel}","templated":true}]}}