{"id":7491,"date":"2022-01-18T14:11:48","date_gmt":"2022-01-18T11:11:48","guid":{"rendered":"https:\/\/novahidrolik.com.tr\/?post_type=product&#038;p=7491"},"modified":"2022-01-18T14:11:48","modified_gmt":"2022-01-18T11:11:48","slug":"ng-16-hidrolik-valfler","status":"publish","type":"product","link":"https:\/\/novahidrolik.com.tr\/index.php\/urun\/ng-16-hidrolik-valfler\/","title":{"rendered":"NG 16 Hidrolik Valfler"},"content":{"rendered":"","protected":false},"excerpt":{"rendered":"<p><strong>NG16 \u00c7ift Bobin Kapal\u0131 Merkez Valf G\u00f6vde<\/strong><\/p>\n","protected":false},"featured_media":7493,"template":"","meta":[],"product_cat":[47,86,88],"product_tag":[],"class_list":{"0":"post-7491","1":"product","2":"type-product","3":"status-publish","4":"has-post-thumbnail","6":"product_cat-tum-urunleri","7":"product_cat-hidrolik","8":"product_cat-valfler-hidrolik","10":"first","11":"instock","12":"shipping-taxable","13":"product-type-simple"},"_links":{"self":[{"href":"https:\/\/novahidrolik.com.tr\/index.php\/wp-json\/wp\/v2\/product\/7491","targetHints":{"allow":["GET"]}}],"collection":[{"href":"https:\/\/novahidrolik.com.tr\/index.php\/wp-json\/wp\/v2\/product"}],"about":[{"href":"https:\/\/novahidrolik.com.tr\/index.php\/wp-json\/wp\/v2\/types\/product"}],"version-history":[{"count":0,"href":"https:\/\/novahidrolik.com.tr\/index.php\/wp-json\/wp\/v2\/product\/7491\/revisions"}],"wp:featuredmedia":[{"embeddable":true,"href":"https:\/\/novahidrolik.com.tr\/index.php\/wp-json\/wp\/v2\/media\/7493"}],"wp:attachment":[{"href":"https:\/\/novahidrolik.com.tr\/index.php\/wp-json\/wp\/v2\/media?parent=7491"}],"wp:term":[{"taxonomy":"product_cat","embeddable":true,"href":"https:\/\/novahidrolik.com.tr\/index.php\/wp-json\/wp\/v2\/product_cat?post=7491"},{"taxonomy":"product_tag","embeddable":true,"href":"https:\/\/novahidrolik.com.tr\/index.php\/wp-json\/wp\/v2\/product_tag?post=7491"}],"curies":[{"name":"wp","href":"https:\/\/api.w.org\/{rel}","templated":true}]}}