{"id":7541,"date":"2022-01-18T15:19:44","date_gmt":"2022-01-18T12:19:44","guid":{"rendered":"https:\/\/novahidrolik.com.tr\/?post_type=product&#038;p=7541"},"modified":"2022-01-18T15:19:44","modified_gmt":"2022-01-18T12:19:44","slug":"hidrolik-hiz-ayar-valfleri","status":"publish","type":"product","link":"https:\/\/novahidrolik.com.tr\/index.php\/urun\/hidrolik-hiz-ayar-valfleri\/","title":{"rendered":"Hidrolik H\u0131z Ayar Valfleri"},"content":{"rendered":"","protected":false},"excerpt":{"rendered":"<p><strong>Mod\u00fcler \u0130kiz H\u0131z Ayar\u00a0 \u00a01\/4<\/strong><\/p>\n<p><strong>Mod\u00fcler \u0130kiz H\u0131z Ayar\u00a0 \u00a01\/2<\/strong><\/p>\n","protected":false},"featured_media":7542,"template":"","meta":[],"product_cat":[47,86,88],"product_tag":[415,414,190,142],"class_list":{"0":"post-7541","1":"product","2":"type-product","3":"status-publish","4":"has-post-thumbnail","6":"product_cat-tum-urunleri","7":"product_cat-hidrolik","8":"product_cat-valfler-hidrolik","9":"product_tag-hidroik-valf","10":"product_tag-hidrolik-hiz-ayar-valfleri","11":"product_tag-hiz-ayar-valf","12":"product_tag-valf","14":"first","15":"instock","16":"shipping-taxable","17":"product-type-simple"},"_links":{"self":[{"href":"https:\/\/novahidrolik.com.tr\/index.php\/wp-json\/wp\/v2\/product\/7541","targetHints":{"allow":["GET"]}}],"collection":[{"href":"https:\/\/novahidrolik.com.tr\/index.php\/wp-json\/wp\/v2\/product"}],"about":[{"href":"https:\/\/novahidrolik.com.tr\/index.php\/wp-json\/wp\/v2\/types\/product"}],"version-history":[{"count":0,"href":"https:\/\/novahidrolik.com.tr\/index.php\/wp-json\/wp\/v2\/product\/7541\/revisions"}],"wp:featuredmedia":[{"embeddable":true,"href":"https:\/\/novahidrolik.com.tr\/index.php\/wp-json\/wp\/v2\/media\/7542"}],"wp:attachment":[{"href":"https:\/\/novahidrolik.com.tr\/index.php\/wp-json\/wp\/v2\/media?parent=7541"}],"wp:term":[{"taxonomy":"product_cat","embeddable":true,"href":"https:\/\/novahidrolik.com.tr\/index.php\/wp-json\/wp\/v2\/product_cat?post=7541"},{"taxonomy":"product_tag","embeddable":true,"href":"https:\/\/novahidrolik.com.tr\/index.php\/wp-json\/wp\/v2\/product_tag?post=7541"}],"curies":[{"name":"wp","href":"https:\/\/api.w.org\/{rel}","templated":true}]}}