{"id":7545,"date":"2022-01-18T16:08:20","date_gmt":"2022-01-18T13:08:20","guid":{"rendered":"https:\/\/novahidrolik.com.tr\/?post_type=product&#038;p=7545"},"modified":"2022-01-18T16:17:13","modified_gmt":"2022-01-18T13:17:13","slug":"hidrolik-keceler","status":"publish","type":"product","link":"https:\/\/novahidrolik.com.tr\/index.php\/urun\/hidrolik-keceler\/","title":{"rendered":"Hidrolik Ke\u00e7eler"},"content":{"rendered":"","protected":false},"excerpt":{"rendered":"<h2>Hidrolik Ke\u00e7eler :<\/h2>\n<ul>\n<li>Piston Ke\u00e7eleri<\/li>\n<li>Rod (Bo\u011faz) Ke\u00e7eleri<\/li>\n<li>Toz Ke\u00e7eleri (S\u0131y\u0131r\u0131c\u0131lar)<\/li>\n<li>K\u0131lavuz Ringler<\/li>\n<\/ul>\n","protected":false},"featured_media":7560,"template":"","meta":[],"product_cat":[47,116],"product_tag":[417,416],"class_list":{"0":"post-7545","1":"product","2":"type-product","3":"status-publish","4":"has-post-thumbnail","6":"product_cat-tum-urunleri","7":"product_cat-sizdirmazlik","8":"product_tag-hidrolik-keceler","9":"product_tag-sizdirmazlik","11":"first","12":"instock","13":"shipping-taxable","14":"product-type-simple"},"_links":{"self":[{"href":"https:\/\/novahidrolik.com.tr\/index.php\/wp-json\/wp\/v2\/product\/7545","targetHints":{"allow":["GET"]}}],"collection":[{"href":"https:\/\/novahidrolik.com.tr\/index.php\/wp-json\/wp\/v2\/product"}],"about":[{"href":"https:\/\/novahidrolik.com.tr\/index.php\/wp-json\/wp\/v2\/types\/product"}],"version-history":[{"count":0,"href":"https:\/\/novahidrolik.com.tr\/index.php\/wp-json\/wp\/v2\/product\/7545\/revisions"}],"wp:featuredmedia":[{"embeddable":true,"href":"https:\/\/novahidrolik.com.tr\/index.php\/wp-json\/wp\/v2\/media\/7560"}],"wp:attachment":[{"href":"https:\/\/novahidrolik.com.tr\/index.php\/wp-json\/wp\/v2\/media?parent=7545"}],"wp:term":[{"taxonomy":"product_cat","embeddable":true,"href":"https:\/\/novahidrolik.com.tr\/index.php\/wp-json\/wp\/v2\/product_cat?post=7545"},{"taxonomy":"product_tag","embeddable":true,"href":"https:\/\/novahidrolik.com.tr\/index.php\/wp-json\/wp\/v2\/product_tag?post=7545"}],"curies":[{"name":"wp","href":"https:\/\/api.w.org\/{rel}","templated":true}]}}