{"id":7611,"date":"2022-01-19T14:43:57","date_gmt":"2022-01-19T11:43:57","guid":{"rendered":"https:\/\/novahidrolik.com.tr\/?post_type=product&#038;p=7611"},"modified":"2022-01-19T14:43:57","modified_gmt":"2022-01-19T11:43:57","slug":"galvaniz-ic-disli-kor-tapa","status":"publish","type":"product","link":"https:\/\/novahidrolik.com.tr\/index.php\/urun\/galvaniz-ic-disli-kor-tapa\/","title":{"rendered":"Galvaniz \u0130\u00e7 Di\u015fli K\u00f6r Tapa"},"content":{"rendered":"","protected":false},"excerpt":{"rendered":"<p style=\"text-align: center\"><strong>1\/2<\/strong><\/p>\n<p style=\"text-align: center\"><strong>3\/4<\/strong><\/p>\n<p style=\"text-align: center\"><strong>1<\/strong><\/p>\n<p style=\"text-align: center\"><strong>1 1\/4<\/strong><\/p>\n<p style=\"text-align: center\"><strong>1 1\/2<\/strong><\/p>\n<p style=\"text-align: center\"><strong>2<\/strong><\/p>\n<p style=\"text-align: center\"><strong>2 1\/2<\/strong><\/p>\n<p style=\"text-align: center\"><strong>3<\/strong><\/p>\n<p style=\"text-align: center\">\n","protected":false},"featured_media":7612,"template":"","meta":[],"product_cat":[47,114],"product_tag":[176,239,240,161,205,449,438,175,441,456,457],"class_list":{"0":"post-7611","1":"product","2":"type-product","3":"status-publish","4":"has-post-thumbnail","6":"product_cat-tum-urunleri","7":"product_cat-galveniz-grup","8":"product_tag-176","9":"product_tag-1-1-2","10":"product_tag-1-1-4","11":"product_tag-1-2","12":"product_tag-205","13":"product_tag-2-1-2","14":"product_tag-438","15":"product_tag-3-4","16":"product_tag-galvaniz","17":"product_tag-galvaniz-ic-disli-kor-tapa","18":"product_tag-kor-tapa","20":"first","21":"instock","22":"shipping-taxable","23":"product-type-simple"},"_links":{"self":[{"href":"https:\/\/novahidrolik.com.tr\/index.php\/wp-json\/wp\/v2\/product\/7611","targetHints":{"allow":["GET"]}}],"collection":[{"href":"https:\/\/novahidrolik.com.tr\/index.php\/wp-json\/wp\/v2\/product"}],"about":[{"href":"https:\/\/novahidrolik.com.tr\/index.php\/wp-json\/wp\/v2\/types\/product"}],"version-history":[{"count":0,"href":"https:\/\/novahidrolik.com.tr\/index.php\/wp-json\/wp\/v2\/product\/7611\/revisions"}],"wp:featuredmedia":[{"embeddable":true,"href":"https:\/\/novahidrolik.com.tr\/index.php\/wp-json\/wp\/v2\/media\/7612"}],"wp:attachment":[{"href":"https:\/\/novahidrolik.com.tr\/index.php\/wp-json\/wp\/v2\/media?parent=7611"}],"wp:term":[{"taxonomy":"product_cat","embeddable":true,"href":"https:\/\/novahidrolik.com.tr\/index.php\/wp-json\/wp\/v2\/product_cat?post=7611"},{"taxonomy":"product_tag","embeddable":true,"href":"https:\/\/novahidrolik.com.tr\/index.php\/wp-json\/wp\/v2\/product_tag?post=7611"}],"curies":[{"name":"wp","href":"https:\/\/api.w.org\/{rel}","templated":true}]}}